{"id":27414,"date":"2025-02-05T12:33:32","date_gmt":"2025-02-05T11:33:32","guid":{"rendered":"https:\/\/www.vitarelax.it\/?post_type=product&#038;p=27414"},"modified":"2025-02-11T11:36:36","modified_gmt":"2025-02-11T10:36:36","slug":"espace","status":"publish","type":"product","link":"https:\/\/www.vitarelax.it\/fr\/prodotto\/espace\/","title":{"rendered":"Espace"},"content":{"rendered":"<p>La d\u00e9tente spatiale existe et vous pouvez en jouir chez vous avec un divan con\u00e7u pour vous faire d\u00e9couvrir une nouvelle dimension du confort. Le design sophistiqu\u00e9 et futuriste est l\u2019un des atouts dans la manche du mod\u00e8le Espace. L\u2019autre atout est que, bien qu\u2019il ne semble pas avoir de lit, il en a bien un, et tr\u00e8s commode en plus.<\/p>\n<p>Les coussins peuvent \u00eatre d\u00e9plac\u00e9s en toute libert\u00e9 sur le plan d\u2019assise, ce qui permet d\u2019assurer un confort parfait en offrant la forme et le support dont vous avez besoin et de changer de position \u00e0 votre aise.<\/p>\n","protected":false},"excerpt":{"rendered":"<p>La d\u00e9tente spatiale existe et vous pouvez en jouir chez vous avec un divan con\u00e7u pour vous faire d\u00e9couvrir une nouvelle dimension du confort. Le design sophistiqu\u00e9 et futuriste est &hellip; <\/p>\n","protected":false},"featured_media":27361,"template":"","meta":[],"product_brand":[],"product_cat":[126],"product_tag":[156,540,452],"class_list":{"0":"post-27414","1":"product","2":"type-product","3":"status-publish","4":"has-post-thumbnail","6":"product_cat-canapes-lits","7":"product_tag-extra-confort","8":"product_tag-configurables","9":"product_tag-en-partie-dehoussable","11":"first","12":"instock","13":"shipping-taxable","14":"product-type-simple"},"acf":[],"yoast_head":"<!-- This site is optimized with the Yoast SEO plugin v26.2 - https:\/\/yoast.com\/wordpress\/plugins\/seo\/ -->\n<title>Canap\u00e9s-lits &#8211; Espace &#8211; Vitarelax<\/title>\n<meta name=\"description\" content=\"La d\u00e9tente spatiale existe et vous pouvez en jouir chez vous avec un divan con\u00e7u pour vous faire d\u00e9couvrir une nouvelle dimension du confort. Le design\" \/>\n<meta name=\"robots\" content=\"index, follow, max-snippet:-1, max-image-preview:large, max-video-preview:-1\" \/>\n<link rel=\"canonical\" href=\"https:\/\/www.vitarelax.it\/fr\/prodotto\/espace\/\" \/>\n<meta property=\"og:locale\" content=\"fr_FR\" \/>\n<meta property=\"og:type\" content=\"article\" \/>\n<meta property=\"og:title\" content=\"Canap\u00e9s-lits &#8211; Espace &#8211; Vitarelax\" \/>\n<meta property=\"og:description\" content=\"La d\u00e9tente spatiale existe et vous pouvez en jouir chez vous avec un divan con\u00e7u pour vous faire d\u00e9couvrir une nouvelle dimension du confort. Le design\" \/>\n<meta property=\"og:url\" content=\"https:\/\/www.vitarelax.it\/fr\/prodotto\/espace\/\" \/>\n<meta property=\"og:site_name\" content=\"Vitarelax\" \/>\n<meta property=\"article:publisher\" content=\"https:\/\/www.facebook.com\/vitarelaxsrl\/\" \/>\n<meta property=\"article:modified_time\" content=\"2025-02-11T10:36:36+00:00\" \/>\n<meta property=\"og:image\" content=\"https:\/\/www.vitarelax.it\/wp-content\/uploads\/2025\/01\/2025-Espace-prodotto-1120x840-1.jpg\" \/>\n\t<meta property=\"og:image:width\" content=\"1120\" \/>\n\t<meta property=\"og:image:height\" content=\"840\" \/>\n\t<meta property=\"og:image:type\" content=\"image\/jpeg\" \/>\n<meta name=\"twitter:card\" content=\"summary_large_image\" \/>\n<meta name=\"twitter:label1\" content=\"Dur\u00e9e de lecture estim\u00e9e\" \/>\n\t<meta name=\"twitter:data1\" content=\"2 minutes\" \/>\n<script type=\"application\/ld+json\" class=\"yoast-schema-graph\">{\"@context\":\"https:\/\/schema.org\",\"@graph\":[{\"@type\":\"WebPage\",\"@id\":\"https:\/\/www.vitarelax.it\/fr\/prodotto\/espace\/\",\"url\":\"https:\/\/www.vitarelax.it\/fr\/prodotto\/espace\/\",\"name\":\"Canap\u00e9s-lits &#8211; Espace &#8211; Vitarelax\",\"isPartOf\":{\"@id\":\"https:\/\/www.vitarelax.it\/fr\/#website\"},\"primaryImageOfPage\":{\"@id\":\"https:\/\/www.vitarelax.it\/fr\/prodotto\/espace\/#primaryimage\"},\"image\":{\"@id\":\"https:\/\/www.vitarelax.it\/fr\/prodotto\/espace\/#primaryimage\"},\"thumbnailUrl\":\"https:\/\/www.vitarelax.it\/wp-content\/uploads\/2025\/01\/2025-Espace-prodotto-1120x840-1.jpg\",\"datePublished\":\"2025-02-05T11:33:32+00:00\",\"dateModified\":\"2025-02-11T10:36:36+00:00\",\"description\":\"La d\u00e9tente spatiale existe et vous pouvez en jouir chez vous avec un divan con\u00e7u pour vous faire d\u00e9couvrir une nouvelle dimension du confort. Le design\",\"breadcrumb\":{\"@id\":\"https:\/\/www.vitarelax.it\/fr\/prodotto\/espace\/#breadcrumb\"},\"inLanguage\":\"fr-FR\",\"potentialAction\":[{\"@type\":\"ReadAction\",\"target\":[\"https:\/\/www.vitarelax.it\/fr\/prodotto\/espace\/\"]}]},{\"@type\":\"ImageObject\",\"inLanguage\":\"fr-FR\",\"@id\":\"https:\/\/www.vitarelax.it\/fr\/prodotto\/espace\/#primaryimage\",\"url\":\"https:\/\/www.vitarelax.it\/wp-content\/uploads\/2025\/01\/2025-Espace-prodotto-1120x840-1.jpg\",\"contentUrl\":\"https:\/\/www.vitarelax.it\/wp-content\/uploads\/2025\/01\/2025-Espace-prodotto-1120x840-1.jpg\",\"width\":1120,\"height\":840,\"caption\":\"divano letto espace con sfondo\"},{\"@type\":\"BreadcrumbList\",\"@id\":\"https:\/\/www.vitarelax.it\/fr\/prodotto\/espace\/#breadcrumb\",\"itemListElement\":[{\"@type\":\"ListItem\",\"position\":1,\"name\":\"Home\",\"item\":\"https:\/\/www.vitarelax.it\/fr\/\"},{\"@type\":\"ListItem\",\"position\":2,\"name\":\"Divani &#038; Poltrone\",\"item\":\"https:\/\/www.vitarelax.it\/it\/divani-e-poltrone\/\"},{\"@type\":\"ListItem\",\"position\":3,\"name\":\"Espace\"}]},{\"@type\":\"WebSite\",\"@id\":\"https:\/\/www.vitarelax.it\/fr\/#website\",\"url\":\"https:\/\/www.vitarelax.it\/fr\/\",\"name\":\"Vitarelax\",\"description\":\"Poltrone e Divani\",\"publisher\":{\"@id\":\"https:\/\/www.vitarelax.it\/fr\/#organization\"},\"potentialAction\":[{\"@type\":\"SearchAction\",\"target\":{\"@type\":\"EntryPoint\",\"urlTemplate\":\"https:\/\/www.vitarelax.it\/fr\/?s={search_term_string}\"},\"query-input\":{\"@type\":\"PropertyValueSpecification\",\"valueRequired\":true,\"valueName\":\"search_term_string\"}}],\"inLanguage\":\"fr-FR\"},{\"@type\":\"Organization\",\"@id\":\"https:\/\/www.vitarelax.it\/fr\/#organization\",\"name\":\"Vitarelax\",\"url\":\"https:\/\/www.vitarelax.it\/fr\/\",\"logo\":{\"@type\":\"ImageObject\",\"inLanguage\":\"fr-FR\",\"@id\":\"https:\/\/www.vitarelax.it\/fr\/#\/schema\/logo\/image\/\",\"url\":\"https:\/\/www.vitarelax.it\/wp-content\/uploads\/2017\/12\/c-logoVitarelax.png\",\"contentUrl\":\"https:\/\/www.vitarelax.it\/wp-content\/uploads\/2017\/12\/c-logoVitarelax.png\",\"width\":240,\"height\":100,\"caption\":\"Vitarelax\"},\"image\":{\"@id\":\"https:\/\/www.vitarelax.it\/fr\/#\/schema\/logo\/image\/\"},\"sameAs\":[\"https:\/\/www.facebook.com\/vitarelaxsrl\/\"]}]}<\/script>\n<!-- \/ Yoast SEO plugin. -->","yoast_head_json":{"title":"Canap\u00e9s-lits &#8211; Espace &#8211; Vitarelax","description":"La d\u00e9tente spatiale existe et vous pouvez en jouir chez vous avec un divan con\u00e7u pour vous faire d\u00e9couvrir une nouvelle dimension du confort. Le design","robots":{"index":"index","follow":"follow","max-snippet":"max-snippet:-1","max-image-preview":"max-image-preview:large","max-video-preview":"max-video-preview:-1"},"canonical":"https:\/\/www.vitarelax.it\/fr\/prodotto\/espace\/","og_locale":"fr_FR","og_type":"article","og_title":"Canap\u00e9s-lits &#8211; Espace &#8211; Vitarelax","og_description":"La d\u00e9tente spatiale existe et vous pouvez en jouir chez vous avec un divan con\u00e7u pour vous faire d\u00e9couvrir une nouvelle dimension du confort. Le design","og_url":"https:\/\/www.vitarelax.it\/fr\/prodotto\/espace\/","og_site_name":"Vitarelax","article_publisher":"https:\/\/www.facebook.com\/vitarelaxsrl\/","article_modified_time":"2025-02-11T10:36:36+00:00","og_image":[{"width":1120,"height":840,"url":"https:\/\/www.vitarelax.it\/wp-content\/uploads\/2025\/01\/2025-Espace-prodotto-1120x840-1.jpg","type":"image\/jpeg"}],"twitter_card":"summary_large_image","twitter_misc":{"Dur\u00e9e de lecture estim\u00e9e":"2 minutes"},"schema":{"@context":"https:\/\/schema.org","@graph":[{"@type":"WebPage","@id":"https:\/\/www.vitarelax.it\/fr\/prodotto\/espace\/","url":"https:\/\/www.vitarelax.it\/fr\/prodotto\/espace\/","name":"Canap\u00e9s-lits &#8211; Espace &#8211; Vitarelax","isPartOf":{"@id":"https:\/\/www.vitarelax.it\/fr\/#website"},"primaryImageOfPage":{"@id":"https:\/\/www.vitarelax.it\/fr\/prodotto\/espace\/#primaryimage"},"image":{"@id":"https:\/\/www.vitarelax.it\/fr\/prodotto\/espace\/#primaryimage"},"thumbnailUrl":"https:\/\/www.vitarelax.it\/wp-content\/uploads\/2025\/01\/2025-Espace-prodotto-1120x840-1.jpg","datePublished":"2025-02-05T11:33:32+00:00","dateModified":"2025-02-11T10:36:36+00:00","description":"La d\u00e9tente spatiale existe et vous pouvez en jouir chez vous avec un divan con\u00e7u pour vous faire d\u00e9couvrir une nouvelle dimension du confort. Le design","breadcrumb":{"@id":"https:\/\/www.vitarelax.it\/fr\/prodotto\/espace\/#breadcrumb"},"inLanguage":"fr-FR","potentialAction":[{"@type":"ReadAction","target":["https:\/\/www.vitarelax.it\/fr\/prodotto\/espace\/"]}]},{"@type":"ImageObject","inLanguage":"fr-FR","@id":"https:\/\/www.vitarelax.it\/fr\/prodotto\/espace\/#primaryimage","url":"https:\/\/www.vitarelax.it\/wp-content\/uploads\/2025\/01\/2025-Espace-prodotto-1120x840-1.jpg","contentUrl":"https:\/\/www.vitarelax.it\/wp-content\/uploads\/2025\/01\/2025-Espace-prodotto-1120x840-1.jpg","width":1120,"height":840,"caption":"divano letto espace con sfondo"},{"@type":"BreadcrumbList","@id":"https:\/\/www.vitarelax.it\/fr\/prodotto\/espace\/#breadcrumb","itemListElement":[{"@type":"ListItem","position":1,"name":"Home","item":"https:\/\/www.vitarelax.it\/fr\/"},{"@type":"ListItem","position":2,"name":"Divani &#038; Poltrone","item":"https:\/\/www.vitarelax.it\/it\/divani-e-poltrone\/"},{"@type":"ListItem","position":3,"name":"Espace"}]},{"@type":"WebSite","@id":"https:\/\/www.vitarelax.it\/fr\/#website","url":"https:\/\/www.vitarelax.it\/fr\/","name":"Vitarelax","description":"Poltrone e Divani","publisher":{"@id":"https:\/\/www.vitarelax.it\/fr\/#organization"},"potentialAction":[{"@type":"SearchAction","target":{"@type":"EntryPoint","urlTemplate":"https:\/\/www.vitarelax.it\/fr\/?s={search_term_string}"},"query-input":{"@type":"PropertyValueSpecification","valueRequired":true,"valueName":"search_term_string"}}],"inLanguage":"fr-FR"},{"@type":"Organization","@id":"https:\/\/www.vitarelax.it\/fr\/#organization","name":"Vitarelax","url":"https:\/\/www.vitarelax.it\/fr\/","logo":{"@type":"ImageObject","inLanguage":"fr-FR","@id":"https:\/\/www.vitarelax.it\/fr\/#\/schema\/logo\/image\/","url":"https:\/\/www.vitarelax.it\/wp-content\/uploads\/2017\/12\/c-logoVitarelax.png","contentUrl":"https:\/\/www.vitarelax.it\/wp-content\/uploads\/2017\/12\/c-logoVitarelax.png","width":240,"height":100,"caption":"Vitarelax"},"image":{"@id":"https:\/\/www.vitarelax.it\/fr\/#\/schema\/logo\/image\/"},"sameAs":["https:\/\/www.facebook.com\/vitarelaxsrl\/"]}]}},"_links":{"self":[{"href":"https:\/\/www.vitarelax.it\/fr\/wp-json\/wp\/v2\/product\/27414","targetHints":{"allow":["GET"]}}],"collection":[{"href":"https:\/\/www.vitarelax.it\/fr\/wp-json\/wp\/v2\/product"}],"about":[{"href":"https:\/\/www.vitarelax.it\/fr\/wp-json\/wp\/v2\/types\/product"}],"wp:featuredmedia":[{"embeddable":true,"href":"https:\/\/www.vitarelax.it\/fr\/wp-json\/wp\/v2\/media\/27361"}],"wp:attachment":[{"href":"https:\/\/www.vitarelax.it\/fr\/wp-json\/wp\/v2\/media?parent=27414"}],"wp:term":[{"taxonomy":"product_brand","embeddable":true,"href":"https:\/\/www.vitarelax.it\/fr\/wp-json\/wp\/v2\/product_brand?post=27414"},{"taxonomy":"product_cat","embeddable":true,"href":"https:\/\/www.vitarelax.it\/fr\/wp-json\/wp\/v2\/product_cat?post=27414"},{"taxonomy":"product_tag","embeddable":true,"href":"https:\/\/www.vitarelax.it\/fr\/wp-json\/wp\/v2\/product_tag?post=27414"}],"curies":[{"name":"wp","href":"https:\/\/api.w.org\/{rel}","templated":true}]}}

<p>La détente spatiale existe et vous pouvez en jouir chez vous avec un divan conçu pour vous faire découvrir une nouvelle dimension du confort. Le design sophistiqué et futuriste est l’un des atouts dans la manche du modèle Espace. L’autre atout est que, bien qu’il ne semble pas avoir de lit, il en a bien un, et très commode en plus.</p>
<p>Les coussins peuvent être déplacés en toute liberté sur le plan d’assise, ce qui permet d’assurer un confort parfait en offrant la forme et le support dont vous avez besoin et de changer de position à votre aise.</p>

<p>La détente spatiale existe et vous pouvez en jouir chez vous avec un divan conçu pour vous faire découvrir une nouvelle dimension du confort. Le design sophistiqué et futuriste est &hellip; </p>

<!-- This site is optimized with the Yoast SEO plugin v26.2 - https://yoast.com/wordpress/plugins/seo/ -->
<title>Canapés-lits &#8211; Espace &#8211; Vitarelax</title>
<meta name="description" content="La détente spatiale existe et vous pouvez en jouir chez vous avec un divan conçu pour vous faire découvrir une nouvelle dimension du confort. Le design" />
<meta name="robots" content="index, follow, max-snippet:-1, max-image-preview:large, max-video-preview:-1" />
<link rel="canonical" href="https://www.vitarelax.it/fr/prodotto/espace/" />
<meta property="og:locale" content="fr_FR" />
<meta property="og:type" content="article" />
<meta property="og:title" content="Canapés-lits &#8211; Espace &#8211; Vitarelax" />
<meta property="og:description" content="La détente spatiale existe et vous pouvez en jouir chez vous avec un divan conçu pour vous faire découvrir une nouvelle dimension du confort. Le design" />
<meta property="og:url" content="https://www.vitarelax.it/fr/prodotto/espace/" />
<meta property="og:site_name" content="Vitarelax" />
<meta property="article:publisher" content="https://www.facebook.com/vitarelaxsrl/" />
<meta property="article:modified_time" content="2025-02-11T10:36:36+00:00" />
<meta property="og:image" content="https://www.vitarelax.it/wp-content/uploads/2025/01/2025-Espace-prodotto-1120x840-1.jpg" />
	<meta property="og:image:width" content="1120" />
	<meta property="og:image:height" content="840" />
	<meta property="og:image:type" content="image/jpeg" />
<meta name="twitter:card" content="summary_large_image" />
<meta name="twitter:label1" content="Durée de lecture estimée" />
	<meta name="twitter:data1" content="2 minutes" />
<script type="application/ld+json" class="yoast-schema-graph">{"@context":"https://schema.org","@graph":[{"@type":"WebPage","@id":"https://www.vitarelax.it/fr/prodotto/espace/","url":"https://www.vitarelax.it/fr/prodotto/espace/","name":"Canapés-lits &#8211; Espace &#8211; Vitarelax","isPartOf":{"@id":"https://www.vitarelax.it/fr/#website"},"primaryImageOfPage":{"@id":"https://www.vitarelax.it/fr/prodotto/espace/#primaryimage"},"image":{"@id":"https://www.vitarelax.it/fr/prodotto/espace/#primaryimage"},"thumbnailUrl":"https://www.vitarelax.it/wp-content/uploads/2025/01/2025-Espace-prodotto-1120x840-1.jpg","datePublished":"2025-02-05T11:33:32+00:00","dateModified":"2025-02-11T10:36:36+00:00","description":"La détente spatiale existe et vous pouvez en jouir chez vous avec un divan conçu pour vous faire découvrir une nouvelle dimension du confort. Le design","breadcrumb":{"@id":"https://www.vitarelax.it/fr/prodotto/espace/#breadcrumb"},"inLanguage":"fr-FR","potentialAction":[{"@type":"ReadAction","target":["https://www.vitarelax.it/fr/prodotto/espace/"]}]},{"@type":"ImageObject","inLanguage":"fr-FR","@id":"https://www.vitarelax.it/fr/prodotto/espace/#primaryimage","url":"https://www.vitarelax.it/wp-content/uploads/2025/01/2025-Espace-prodotto-1120x840-1.jpg","contentUrl":"https://www.vitarelax.it/wp-content/uploads/2025/01/2025-Espace-prodotto-1120x840-1.jpg","width":1120,"height":840,"caption":"divano letto espace con sfondo"},{"@type":"BreadcrumbList","@id":"https://www.vitarelax.it/fr/prodotto/espace/#breadcrumb","itemListElement":[{"@type":"ListItem","position":1,"name":"Home","item":"https://www.vitarelax.it/fr/"},{"@type":"ListItem","position":2,"name":"Divani &#038; Poltrone","item":"https://www.vitarelax.it/it/divani-e-poltrone/"},{"@type":"ListItem","position":3,"name":"Espace"}]},{"@type":"WebSite","@id":"https://www.vitarelax.it/fr/#website","url":"https://www.vitarelax.it/fr/","name":"Vitarelax","description":"Poltrone e Divani","publisher":{"@id":"https://www.vitarelax.it/fr/#organization"},"potentialAction":[{"@type":"SearchAction","target":{"@type":"EntryPoint","urlTemplate":"https://www.vitarelax.it/fr/?s={search_term_string}"},"query-input":{"@type":"PropertyValueSpecification","valueRequired":true,"valueName":"search_term_string"}}],"inLanguage":"fr-FR"},{"@type":"Organization","@id":"https://www.vitarelax.it/fr/#organization","name":"Vitarelax","url":"https://www.vitarelax.it/fr/","logo":{"@type":"ImageObject","inLanguage":"fr-FR","@id":"https://www.vitarelax.it/fr/#/schema/logo/image/","url":"https://www.vitarelax.it/wp-content/uploads/2017/12/c-logoVitarelax.png","contentUrl":"https://www.vitarelax.it/wp-content/uploads/2017/12/c-logoVitarelax.png","width":240,"height":100,"caption":"Vitarelax"},"image":{"@id":"https://www.vitarelax.it/fr/#/schema/logo/image/"},"sameAs":["https://www.facebook.com/vitarelaxsrl/"]}]}</script>
<!-- / Yoast SEO plugin. -->

Canapés-lits &#8211; Espace &#8211; Vitarelax

La détente spatiale existe et vous pouvez en jouir chez vous avec un divan conçu pour vous faire découvrir une nouvelle dimension du confort. Le design
