{"id":19737,"date":"2021-03-30T16:18:19","date_gmt":"2021-03-30T14:18:19","guid":{"rendered":"https:\/\/www.vitarelax.it\/?post_type=product&#038;p=19737"},"modified":"2022-12-15T14:44:54","modified_gmt":"2022-12-15T13:44:54","slug":"serafino-canape-lit","status":"publish","type":"product","link":"https:\/\/www.vitarelax.it\/fr\/prodotto\/serafino-canape-lit\/","title":{"rendered":"Serafino"},"content":{"rendered":"<p>Serafino est un canap\u00e9-lit qui a plusieurs cordes \u00e0 son arc&#8230;<\/p>\n<p>En journ\u00e9e, la version canap\u00e9 comblera toutes vos envies de confort et vous offrira des moments de\u00a0d\u00e9tente\u00a0fort agr\u00e9able. La nuit, il vous permettra d\u2019avoir un couchage confortable en se transformant en lit.<\/p>\n<p>Le Serafino vous permettra de cumuler\u00a0les avantages d&rsquo;un canap\u00e9\u00a0et d\u2019un lit avec un couchage confortable, \u00e0 port\u00e9e de main et sans contrainte. Vous direz adieu aux \u00a0clich\u00e9s disant que les canap\u00e9s-lits ne peuvent pas \u00eatre aussi confortables que de vrais lits.<\/p>\n<p>Le maitre mot lors de la cr\u00e9ation du Serafino \u00e9tait d\u2019avoir un lit confortable avec un matelas de 21 cm. Nous l\u2019avons ensuite structur\u00e9 pour \u00eatre un canap\u00e9 confortable et esth\u00e9tiquement beau, d\u00e9clinable en version bicolore, et avec un dossier haut et rembourr\u00e9.<\/p>\n<p>Un indispensable \u00e0 avoir chez soi pour accueillir vos invit\u00e9s mais aussi pour mieux dormir si vous n\u2019\u00eates pas satisfait de votre lit&#8230;<\/p>\n","protected":false},"excerpt":{"rendered":"<p>Serafino est un canap\u00e9-lit qui a plusieurs cordes \u00e0 son arc&#8230; En journ\u00e9e, la version canap\u00e9 comblera toutes vos envies de confort et vous offrira des moments de\u00a0d\u00e9tente\u00a0fort agr\u00e9able. La &hellip; <\/p>\n","protected":false},"featured_media":19729,"template":"","meta":[],"product_brand":[],"product_cat":[126],"product_tag":[146,182,389,427,425],"class_list":{"0":"post-19737","1":"product","2":"type-product","3":"status-publish","4":"has-post-thumbnail","6":"product_cat-canapes-lits","7":"product_tag-completement-dehoussable","8":"product_tag-dossier-avec-compartiment-pour-coussins","9":"product_tag-matelas-h21cm","10":"product_tag-tete-de-lit-haute-rembourree","11":"product_tag-tissu-a-deux-tons","13":"first","14":"instock","15":"featured","16":"virtual","17":"product-type-simple"},"acf":[],"yoast_head":"<!-- This site is optimized with the Yoast SEO plugin v26.2 - https:\/\/yoast.com\/wordpress\/plugins\/seo\/ -->\n<title>Canap\u00e9s-lits &#8211; Serafino &#8211; Vitarelax<\/title>\n<meta name=\"description\" content=\"Serafino est un canap\u00e9-lit qui a plusieurs cordes \u00e0 son arc... En journ\u00e9e, la version canap\u00e9 comblera toutes vos envies de confort et vous offrira des\" \/>\n<meta name=\"robots\" content=\"index, follow, max-snippet:-1, max-image-preview:large, max-video-preview:-1\" \/>\n<link rel=\"canonical\" href=\"https:\/\/www.vitarelax.it\/fr\/prodotto\/serafino-canape-lit\/\" \/>\n<meta property=\"og:locale\" content=\"fr_FR\" \/>\n<meta property=\"og:type\" content=\"article\" \/>\n<meta property=\"og:title\" content=\"Canap\u00e9s-lits &#8211; Serafino &#8211; Vitarelax\" \/>\n<meta property=\"og:description\" content=\"Serafino est un canap\u00e9-lit qui a plusieurs cordes \u00e0 son arc... En journ\u00e9e, la version canap\u00e9 comblera toutes vos envies de confort et vous offrira des\" \/>\n<meta property=\"og:url\" content=\"https:\/\/www.vitarelax.it\/fr\/prodotto\/serafino-canape-lit\/\" \/>\n<meta property=\"og:site_name\" content=\"Vitarelax\" \/>\n<meta property=\"article:publisher\" content=\"https:\/\/www.facebook.com\/vitarelaxsrl\/\" \/>\n<meta property=\"article:modified_time\" content=\"2022-12-15T13:44:54+00:00\" \/>\n<meta property=\"og:image\" content=\"https:\/\/www.vitarelax.it\/wp-content\/uploads\/2021\/03\/serafino-thumb.jpg\" \/>\n\t<meta property=\"og:image:width\" content=\"1120\" \/>\n\t<meta property=\"og:image:height\" content=\"840\" \/>\n\t<meta property=\"og:image:type\" content=\"image\/jpeg\" \/>\n<meta name=\"twitter:card\" content=\"summary_large_image\" \/>\n<meta name=\"twitter:label1\" content=\"Dur\u00e9e de lecture estim\u00e9e\" \/>\n\t<meta name=\"twitter:data1\" content=\"1 minute\" \/>\n<script type=\"application\/ld+json\" class=\"yoast-schema-graph\">{\"@context\":\"https:\/\/schema.org\",\"@graph\":[{\"@type\":\"WebPage\",\"@id\":\"https:\/\/www.vitarelax.it\/fr\/prodotto\/serafino-canape-lit\/\",\"url\":\"https:\/\/www.vitarelax.it\/fr\/prodotto\/serafino-canape-lit\/\",\"name\":\"Canap\u00e9s-lits &#8211; Serafino &#8211; Vitarelax\",\"isPartOf\":{\"@id\":\"https:\/\/www.vitarelax.it\/fr\/#website\"},\"primaryImageOfPage\":{\"@id\":\"https:\/\/www.vitarelax.it\/fr\/prodotto\/serafino-canape-lit\/#primaryimage\"},\"image\":{\"@id\":\"https:\/\/www.vitarelax.it\/fr\/prodotto\/serafino-canape-lit\/#primaryimage\"},\"thumbnailUrl\":\"https:\/\/www.vitarelax.it\/wp-content\/uploads\/2021\/03\/serafino-thumb.jpg\",\"datePublished\":\"2021-03-30T14:18:19+00:00\",\"dateModified\":\"2022-12-15T13:44:54+00:00\",\"description\":\"Serafino est un canap\u00e9-lit qui a plusieurs cordes \u00e0 son arc... En journ\u00e9e, la version canap\u00e9 comblera toutes vos envies de confort et vous offrira des\",\"breadcrumb\":{\"@id\":\"https:\/\/www.vitarelax.it\/fr\/prodotto\/serafino-canape-lit\/#breadcrumb\"},\"inLanguage\":\"fr-FR\",\"potentialAction\":[{\"@type\":\"ReadAction\",\"target\":[\"https:\/\/www.vitarelax.it\/fr\/prodotto\/serafino-canape-lit\/\"]}]},{\"@type\":\"ImageObject\",\"inLanguage\":\"fr-FR\",\"@id\":\"https:\/\/www.vitarelax.it\/fr\/prodotto\/serafino-canape-lit\/#primaryimage\",\"url\":\"https:\/\/www.vitarelax.it\/wp-content\/uploads\/2021\/03\/serafino-thumb.jpg\",\"contentUrl\":\"https:\/\/www.vitarelax.it\/wp-content\/uploads\/2021\/03\/serafino-thumb.jpg\",\"width\":1120,\"height\":840},{\"@type\":\"BreadcrumbList\",\"@id\":\"https:\/\/www.vitarelax.it\/fr\/prodotto\/serafino-canape-lit\/#breadcrumb\",\"itemListElement\":[{\"@type\":\"ListItem\",\"position\":1,\"name\":\"Home\",\"item\":\"https:\/\/www.vitarelax.it\/fr\/\"},{\"@type\":\"ListItem\",\"position\":2,\"name\":\"Divani &#038; Poltrone\",\"item\":\"https:\/\/www.vitarelax.it\/it\/divani-e-poltrone\/\"},{\"@type\":\"ListItem\",\"position\":3,\"name\":\"Serafino\"}]},{\"@type\":\"WebSite\",\"@id\":\"https:\/\/www.vitarelax.it\/fr\/#website\",\"url\":\"https:\/\/www.vitarelax.it\/fr\/\",\"name\":\"Vitarelax\",\"description\":\"Poltrone e Divani\",\"publisher\":{\"@id\":\"https:\/\/www.vitarelax.it\/fr\/#organization\"},\"potentialAction\":[{\"@type\":\"SearchAction\",\"target\":{\"@type\":\"EntryPoint\",\"urlTemplate\":\"https:\/\/www.vitarelax.it\/fr\/?s={search_term_string}\"},\"query-input\":{\"@type\":\"PropertyValueSpecification\",\"valueRequired\":true,\"valueName\":\"search_term_string\"}}],\"inLanguage\":\"fr-FR\"},{\"@type\":\"Organization\",\"@id\":\"https:\/\/www.vitarelax.it\/fr\/#organization\",\"name\":\"Vitarelax\",\"url\":\"https:\/\/www.vitarelax.it\/fr\/\",\"logo\":{\"@type\":\"ImageObject\",\"inLanguage\":\"fr-FR\",\"@id\":\"https:\/\/www.vitarelax.it\/fr\/#\/schema\/logo\/image\/\",\"url\":\"https:\/\/www.vitarelax.it\/wp-content\/uploads\/2017\/12\/c-logoVitarelax.png\",\"contentUrl\":\"https:\/\/www.vitarelax.it\/wp-content\/uploads\/2017\/12\/c-logoVitarelax.png\",\"width\":240,\"height\":100,\"caption\":\"Vitarelax\"},\"image\":{\"@id\":\"https:\/\/www.vitarelax.it\/fr\/#\/schema\/logo\/image\/\"},\"sameAs\":[\"https:\/\/www.facebook.com\/vitarelaxsrl\/\"]}]}<\/script>\n<!-- \/ Yoast SEO plugin. -->","yoast_head_json":{"title":"Canap\u00e9s-lits &#8211; Serafino &#8211; Vitarelax","description":"Serafino est un canap\u00e9-lit qui a plusieurs cordes \u00e0 son arc... En journ\u00e9e, la version canap\u00e9 comblera toutes vos envies de confort et vous offrira des","robots":{"index":"index","follow":"follow","max-snippet":"max-snippet:-1","max-image-preview":"max-image-preview:large","max-video-preview":"max-video-preview:-1"},"canonical":"https:\/\/www.vitarelax.it\/fr\/prodotto\/serafino-canape-lit\/","og_locale":"fr_FR","og_type":"article","og_title":"Canap\u00e9s-lits &#8211; Serafino &#8211; Vitarelax","og_description":"Serafino est un canap\u00e9-lit qui a plusieurs cordes \u00e0 son arc... En journ\u00e9e, la version canap\u00e9 comblera toutes vos envies de confort et vous offrira des","og_url":"https:\/\/www.vitarelax.it\/fr\/prodotto\/serafino-canape-lit\/","og_site_name":"Vitarelax","article_publisher":"https:\/\/www.facebook.com\/vitarelaxsrl\/","article_modified_time":"2022-12-15T13:44:54+00:00","og_image":[{"width":1120,"height":840,"url":"https:\/\/www.vitarelax.it\/wp-content\/uploads\/2021\/03\/serafino-thumb.jpg","type":"image\/jpeg"}],"twitter_card":"summary_large_image","twitter_misc":{"Dur\u00e9e de lecture estim\u00e9e":"1 minute"},"schema":{"@context":"https:\/\/schema.org","@graph":[{"@type":"WebPage","@id":"https:\/\/www.vitarelax.it\/fr\/prodotto\/serafino-canape-lit\/","url":"https:\/\/www.vitarelax.it\/fr\/prodotto\/serafino-canape-lit\/","name":"Canap\u00e9s-lits &#8211; Serafino &#8211; Vitarelax","isPartOf":{"@id":"https:\/\/www.vitarelax.it\/fr\/#website"},"primaryImageOfPage":{"@id":"https:\/\/www.vitarelax.it\/fr\/prodotto\/serafino-canape-lit\/#primaryimage"},"image":{"@id":"https:\/\/www.vitarelax.it\/fr\/prodotto\/serafino-canape-lit\/#primaryimage"},"thumbnailUrl":"https:\/\/www.vitarelax.it\/wp-content\/uploads\/2021\/03\/serafino-thumb.jpg","datePublished":"2021-03-30T14:18:19+00:00","dateModified":"2022-12-15T13:44:54+00:00","description":"Serafino est un canap\u00e9-lit qui a plusieurs cordes \u00e0 son arc... En journ\u00e9e, la version canap\u00e9 comblera toutes vos envies de confort et vous offrira des","breadcrumb":{"@id":"https:\/\/www.vitarelax.it\/fr\/prodotto\/serafino-canape-lit\/#breadcrumb"},"inLanguage":"fr-FR","potentialAction":[{"@type":"ReadAction","target":["https:\/\/www.vitarelax.it\/fr\/prodotto\/serafino-canape-lit\/"]}]},{"@type":"ImageObject","inLanguage":"fr-FR","@id":"https:\/\/www.vitarelax.it\/fr\/prodotto\/serafino-canape-lit\/#primaryimage","url":"https:\/\/www.vitarelax.it\/wp-content\/uploads\/2021\/03\/serafino-thumb.jpg","contentUrl":"https:\/\/www.vitarelax.it\/wp-content\/uploads\/2021\/03\/serafino-thumb.jpg","width":1120,"height":840},{"@type":"BreadcrumbList","@id":"https:\/\/www.vitarelax.it\/fr\/prodotto\/serafino-canape-lit\/#breadcrumb","itemListElement":[{"@type":"ListItem","position":1,"name":"Home","item":"https:\/\/www.vitarelax.it\/fr\/"},{"@type":"ListItem","position":2,"name":"Divani &#038; Poltrone","item":"https:\/\/www.vitarelax.it\/it\/divani-e-poltrone\/"},{"@type":"ListItem","position":3,"name":"Serafino"}]},{"@type":"WebSite","@id":"https:\/\/www.vitarelax.it\/fr\/#website","url":"https:\/\/www.vitarelax.it\/fr\/","name":"Vitarelax","description":"Poltrone e Divani","publisher":{"@id":"https:\/\/www.vitarelax.it\/fr\/#organization"},"potentialAction":[{"@type":"SearchAction","target":{"@type":"EntryPoint","urlTemplate":"https:\/\/www.vitarelax.it\/fr\/?s={search_term_string}"},"query-input":{"@type":"PropertyValueSpecification","valueRequired":true,"valueName":"search_term_string"}}],"inLanguage":"fr-FR"},{"@type":"Organization","@id":"https:\/\/www.vitarelax.it\/fr\/#organization","name":"Vitarelax","url":"https:\/\/www.vitarelax.it\/fr\/","logo":{"@type":"ImageObject","inLanguage":"fr-FR","@id":"https:\/\/www.vitarelax.it\/fr\/#\/schema\/logo\/image\/","url":"https:\/\/www.vitarelax.it\/wp-content\/uploads\/2017\/12\/c-logoVitarelax.png","contentUrl":"https:\/\/www.vitarelax.it\/wp-content\/uploads\/2017\/12\/c-logoVitarelax.png","width":240,"height":100,"caption":"Vitarelax"},"image":{"@id":"https:\/\/www.vitarelax.it\/fr\/#\/schema\/logo\/image\/"},"sameAs":["https:\/\/www.facebook.com\/vitarelaxsrl\/"]}]}},"_links":{"self":[{"href":"https:\/\/www.vitarelax.it\/fr\/wp-json\/wp\/v2\/product\/19737","targetHints":{"allow":["GET"]}}],"collection":[{"href":"https:\/\/www.vitarelax.it\/fr\/wp-json\/wp\/v2\/product"}],"about":[{"href":"https:\/\/www.vitarelax.it\/fr\/wp-json\/wp\/v2\/types\/product"}],"wp:featuredmedia":[{"embeddable":true,"href":"https:\/\/www.vitarelax.it\/fr\/wp-json\/wp\/v2\/media\/19729"}],"wp:attachment":[{"href":"https:\/\/www.vitarelax.it\/fr\/wp-json\/wp\/v2\/media?parent=19737"}],"wp:term":[{"taxonomy":"product_brand","embeddable":true,"href":"https:\/\/www.vitarelax.it\/fr\/wp-json\/wp\/v2\/product_brand?post=19737"},{"taxonomy":"product_cat","embeddable":true,"href":"https:\/\/www.vitarelax.it\/fr\/wp-json\/wp\/v2\/product_cat?post=19737"},{"taxonomy":"product_tag","embeddable":true,"href":"https:\/\/www.vitarelax.it\/fr\/wp-json\/wp\/v2\/product_tag?post=19737"}],"curies":[{"name":"wp","href":"https:\/\/api.w.org\/{rel}","templated":true}]}}

<p>Serafino est un canapé-lit qui a plusieurs cordes à son arc&#8230;</p>
<p>En journée, la version canapé comblera toutes vos envies de confort et vous offrira des moments de détente fort agréable. La nuit, il vous permettra d’avoir un couchage confortable en se transformant en lit.</p>
<p>Le Serafino vous permettra de cumuler les avantages d&rsquo;un canapé et d’un lit avec un couchage confortable, à portée de main et sans contrainte. Vous direz adieu aux  clichés disant que les canapés-lits ne peuvent pas être aussi confortables que de vrais lits.</p>
<p>Le maitre mot lors de la création du Serafino était d’avoir un lit confortable avec un matelas de 21 cm. Nous l’avons ensuite structuré pour être un canapé confortable et esthétiquement beau, déclinable en version bicolore, et avec un dossier haut et rembourré.</p>
<p>Un indispensable à avoir chez soi pour accueillir vos invités mais aussi pour mieux dormir si vous n’êtes pas satisfait de votre lit&#8230;</p>

<p>Serafino est un canapé-lit qui a plusieurs cordes à son arc&#8230; En journée, la version canapé comblera toutes vos envies de confort et vous offrira des moments de détente fort agréable. La &hellip; </p>

<!-- This site is optimized with the Yoast SEO plugin v26.2 - https://yoast.com/wordpress/plugins/seo/ -->
<title>Canapés-lits &#8211; Serafino &#8211; Vitarelax</title>
<meta name="description" content="Serafino est un canapé-lit qui a plusieurs cordes à son arc... En journée, la version canapé comblera toutes vos envies de confort et vous offrira des" />
<meta name="robots" content="index, follow, max-snippet:-1, max-image-preview:large, max-video-preview:-1" />
<link rel="canonical" href="https://www.vitarelax.it/fr/prodotto/serafino-canape-lit/" />
<meta property="og:locale" content="fr_FR" />
<meta property="og:type" content="article" />
<meta property="og:title" content="Canapés-lits &#8211; Serafino &#8211; Vitarelax" />
<meta property="og:description" content="Serafino est un canapé-lit qui a plusieurs cordes à son arc... En journée, la version canapé comblera toutes vos envies de confort et vous offrira des" />
<meta property="og:url" content="https://www.vitarelax.it/fr/prodotto/serafino-canape-lit/" />
<meta property="og:site_name" content="Vitarelax" />
<meta property="article:publisher" content="https://www.facebook.com/vitarelaxsrl/" />
<meta property="article:modified_time" content="2022-12-15T13:44:54+00:00" />
<meta property="og:image" content="https://www.vitarelax.it/wp-content/uploads/2021/03/serafino-thumb.jpg" />
	<meta property="og:image:width" content="1120" />
	<meta property="og:image:height" content="840" />
	<meta property="og:image:type" content="image/jpeg" />
<meta name="twitter:card" content="summary_large_image" />
<meta name="twitter:label1" content="Durée de lecture estimée" />
	<meta name="twitter:data1" content="1 minute" />
<script type="application/ld+json" class="yoast-schema-graph">{"@context":"https://schema.org","@graph":[{"@type":"WebPage","@id":"https://www.vitarelax.it/fr/prodotto/serafino-canape-lit/","url":"https://www.vitarelax.it/fr/prodotto/serafino-canape-lit/","name":"Canapés-lits &#8211; Serafino &#8211; Vitarelax","isPartOf":{"@id":"https://www.vitarelax.it/fr/#website"},"primaryImageOfPage":{"@id":"https://www.vitarelax.it/fr/prodotto/serafino-canape-lit/#primaryimage"},"image":{"@id":"https://www.vitarelax.it/fr/prodotto/serafino-canape-lit/#primaryimage"},"thumbnailUrl":"https://www.vitarelax.it/wp-content/uploads/2021/03/serafino-thumb.jpg","datePublished":"2021-03-30T14:18:19+00:00","dateModified":"2022-12-15T13:44:54+00:00","description":"Serafino est un canapé-lit qui a plusieurs cordes à son arc... En journée, la version canapé comblera toutes vos envies de confort et vous offrira des","breadcrumb":{"@id":"https://www.vitarelax.it/fr/prodotto/serafino-canape-lit/#breadcrumb"},"inLanguage":"fr-FR","potentialAction":[{"@type":"ReadAction","target":["https://www.vitarelax.it/fr/prodotto/serafino-canape-lit/"]}]},{"@type":"ImageObject","inLanguage":"fr-FR","@id":"https://www.vitarelax.it/fr/prodotto/serafino-canape-lit/#primaryimage","url":"https://www.vitarelax.it/wp-content/uploads/2021/03/serafino-thumb.jpg","contentUrl":"https://www.vitarelax.it/wp-content/uploads/2021/03/serafino-thumb.jpg","width":1120,"height":840},{"@type":"BreadcrumbList","@id":"https://www.vitarelax.it/fr/prodotto/serafino-canape-lit/#breadcrumb","itemListElement":[{"@type":"ListItem","position":1,"name":"Home","item":"https://www.vitarelax.it/fr/"},{"@type":"ListItem","position":2,"name":"Divani &#038; Poltrone","item":"https://www.vitarelax.it/it/divani-e-poltrone/"},{"@type":"ListItem","position":3,"name":"Serafino"}]},{"@type":"WebSite","@id":"https://www.vitarelax.it/fr/#website","url":"https://www.vitarelax.it/fr/","name":"Vitarelax","description":"Poltrone e Divani","publisher":{"@id":"https://www.vitarelax.it/fr/#organization"},"potentialAction":[{"@type":"SearchAction","target":{"@type":"EntryPoint","urlTemplate":"https://www.vitarelax.it/fr/?s={search_term_string}"},"query-input":{"@type":"PropertyValueSpecification","valueRequired":true,"valueName":"search_term_string"}}],"inLanguage":"fr-FR"},{"@type":"Organization","@id":"https://www.vitarelax.it/fr/#organization","name":"Vitarelax","url":"https://www.vitarelax.it/fr/","logo":{"@type":"ImageObject","inLanguage":"fr-FR","@id":"https://www.vitarelax.it/fr/#/schema/logo/image/","url":"https://www.vitarelax.it/wp-content/uploads/2017/12/c-logoVitarelax.png","contentUrl":"https://www.vitarelax.it/wp-content/uploads/2017/12/c-logoVitarelax.png","width":240,"height":100,"caption":"Vitarelax"},"image":{"@id":"https://www.vitarelax.it/fr/#/schema/logo/image/"},"sameAs":["https://www.facebook.com/vitarelaxsrl/"]}]}</script>
<!-- / Yoast SEO plugin. -->

Canapés-lits &#8211; Serafino &#8211; Vitarelax

Serafino est un canapé-lit qui a plusieurs cordes à son arc... En journée, la version canapé comblera toutes vos envies de confort et vous offrira des
