{"id":11623,"date":"2018-01-09T09:54:48","date_gmt":"2018-01-09T08:54:48","guid":{"rendered":"https:\/\/www.vitarelax.it\/prodotto\/karol-fauteuil-relax\/"},"modified":"2018-01-31T12:03:05","modified_gmt":"2018-01-31T11:03:05","slug":"karol-fauteuil-relax","status":"publish","type":"product","link":"https:\/\/www.vitarelax.it\/fr\/prodotto\/karol-fauteuil-relax\/","title":{"rendered":"Karol"},"content":{"rendered":"<p>Gr\u00e2ce au nouveau Long Relax System, il est possible de contr\u00f4ler le dossier, le cale-pied et le repose-pied en obtenant une assise extr\u00eamement ample, r\u00e9glable en hauteur jusqu\u2019\u00e0 15 cm.<\/p>\n<p>De plus, il est possible de d\u00e9monter les accoudoirs pour se rapprocher plus facilement des tables ou des plans de travail et pour monter ensuite un plan d\u2019appui pouvant servir \u00e0 d\u2019\u00e9ventuelles activit\u00e9s de r\u00e9habilitation ou de divertissement.<\/p>\n","protected":false},"excerpt":{"rendered":"<p>Gr\u00e2ce au nouveau Long Relax System, il est possible de contr\u00f4ler le dossier, le cale-pied et le repose-pied en obtenant une assise extr\u00eamement ample, r\u00e9glable en hauteur jusqu\u2019\u00e0 15 cm. &hellip; <\/p>\n","protected":false},"featured_media":23798,"template":"","meta":[],"product_brand":[],"product_cat":[132],"product_tag":[162,146,159,191,180],"class_list":{"0":"post-11623","1":"product","2":"type-product","3":"status-publish","4":"has-post-thumbnail","6":"product_cat-fauteuils-relax","7":"product_tag-kit-roller-de-serie","8":"product_tag-completement-dehoussable","9":"product_tag-garantie-2-ans-fauteuils-relax","10":"product_tag-petit-table-facultatif","11":"product_tag-reglage-motorise","13":"first","14":"instock","15":"virtual","16":"product-type-simple"},"acf":[],"yoast_head":"<!-- This site is optimized with the Yoast SEO plugin v26.2 - https:\/\/yoast.com\/wordpress\/plugins\/seo\/ -->\n<title>Karol &#8211; Poltrona Relax con Kit Roller di serie e tavolino multiuso &#8211; Vitarelax<\/title>\n<meta name=\"description\" content=\"Grazie alla tecnologia Long Relax System, questa poltrona offre la possibilit\u00e0 di controllare lo schienale e il poggiapiedi in modo indipendente.\" \/>\n<meta name=\"robots\" content=\"index, follow, max-snippet:-1, max-image-preview:large, max-video-preview:-1\" \/>\n<link rel=\"canonical\" href=\"https:\/\/www.vitarelax.it\/fr\/prodotto\/karol-fauteuil-relax\/\" \/>\n<meta property=\"og:locale\" content=\"fr_FR\" \/>\n<meta property=\"og:type\" content=\"article\" \/>\n<meta property=\"og:title\" content=\"Karol &#8211; Poltrona Relax con Kit Roller di serie e tavolino multiuso &#8211; Vitarelax\" \/>\n<meta property=\"og:description\" content=\"Grazie alla tecnologia Long Relax System, questa poltrona offre la possibilit\u00e0 di controllare lo schienale e il poggiapiedi in modo indipendente.\" \/>\n<meta property=\"og:url\" content=\"https:\/\/www.vitarelax.it\/fr\/prodotto\/karol-fauteuil-relax\/\" \/>\n<meta property=\"og:site_name\" content=\"Vitarelax\" \/>\n<meta property=\"article:publisher\" content=\"https:\/\/www.facebook.com\/vitarelaxsrl\/\" \/>\n<meta property=\"article:modified_time\" content=\"2018-01-31T11:03:05+00:00\" \/>\n<meta property=\"og:image\" content=\"https:\/\/www.vitarelax.it\/wp-content\/uploads\/2018\/01\/karol-poltrona-relax-thumb.jpg\" \/>\n\t<meta property=\"og:image:width\" content=\"1120\" \/>\n\t<meta property=\"og:image:height\" content=\"840\" \/>\n\t<meta property=\"og:image:type\" content=\"image\/jpeg\" \/>\n<meta name=\"twitter:card\" content=\"summary_large_image\" \/>\n<script type=\"application\/ld+json\" class=\"yoast-schema-graph\">{\"@context\":\"https:\/\/schema.org\",\"@graph\":[{\"@type\":\"WebPage\",\"@id\":\"https:\/\/www.vitarelax.it\/fr\/prodotto\/karol-fauteuil-relax\/\",\"url\":\"https:\/\/www.vitarelax.it\/fr\/prodotto\/karol-fauteuil-relax\/\",\"name\":\"Karol &#8211; Poltrona Relax con Kit Roller di serie e tavolino multiuso &#8211; Vitarelax\",\"isPartOf\":{\"@id\":\"https:\/\/www.vitarelax.it\/fr\/#website\"},\"primaryImageOfPage\":{\"@id\":\"https:\/\/www.vitarelax.it\/fr\/prodotto\/karol-fauteuil-relax\/#primaryimage\"},\"image\":{\"@id\":\"https:\/\/www.vitarelax.it\/fr\/prodotto\/karol-fauteuil-relax\/#primaryimage\"},\"thumbnailUrl\":\"https:\/\/www.vitarelax.it\/wp-content\/uploads\/2023\/02\/karol-poltrona-relax-amb.jpg\",\"datePublished\":\"2018-01-09T08:54:48+00:00\",\"dateModified\":\"2018-01-31T11:03:05+00:00\",\"description\":\"Grazie alla tecnologia Long Relax System, questa poltrona offre la possibilit\u00e0 di controllare lo schienale e il poggiapiedi in modo indipendente.\",\"breadcrumb\":{\"@id\":\"https:\/\/www.vitarelax.it\/fr\/prodotto\/karol-fauteuil-relax\/#breadcrumb\"},\"inLanguage\":\"fr-FR\",\"potentialAction\":[{\"@type\":\"ReadAction\",\"target\":[\"https:\/\/www.vitarelax.it\/fr\/prodotto\/karol-fauteuil-relax\/\"]}]},{\"@type\":\"ImageObject\",\"inLanguage\":\"fr-FR\",\"@id\":\"https:\/\/www.vitarelax.it\/fr\/prodotto\/karol-fauteuil-relax\/#primaryimage\",\"url\":\"https:\/\/www.vitarelax.it\/wp-content\/uploads\/2023\/02\/karol-poltrona-relax-amb.jpg\",\"contentUrl\":\"https:\/\/www.vitarelax.it\/wp-content\/uploads\/2023\/02\/karol-poltrona-relax-amb.jpg\",\"width\":1120,\"height\":840},{\"@type\":\"BreadcrumbList\",\"@id\":\"https:\/\/www.vitarelax.it\/fr\/prodotto\/karol-fauteuil-relax\/#breadcrumb\",\"itemListElement\":[{\"@type\":\"ListItem\",\"position\":1,\"name\":\"Home\",\"item\":\"https:\/\/www.vitarelax.it\/fr\/\"},{\"@type\":\"ListItem\",\"position\":2,\"name\":\"Divani &#038; Poltrone\",\"item\":\"https:\/\/www.vitarelax.it\/it\/divani-e-poltrone\/\"},{\"@type\":\"ListItem\",\"position\":3,\"name\":\"Karol\"}]},{\"@type\":\"WebSite\",\"@id\":\"https:\/\/www.vitarelax.it\/fr\/#website\",\"url\":\"https:\/\/www.vitarelax.it\/fr\/\",\"name\":\"Vitarelax\",\"description\":\"Poltrone e Divani\",\"publisher\":{\"@id\":\"https:\/\/www.vitarelax.it\/fr\/#organization\"},\"potentialAction\":[{\"@type\":\"SearchAction\",\"target\":{\"@type\":\"EntryPoint\",\"urlTemplate\":\"https:\/\/www.vitarelax.it\/fr\/?s={search_term_string}\"},\"query-input\":{\"@type\":\"PropertyValueSpecification\",\"valueRequired\":true,\"valueName\":\"search_term_string\"}}],\"inLanguage\":\"fr-FR\"},{\"@type\":\"Organization\",\"@id\":\"https:\/\/www.vitarelax.it\/fr\/#organization\",\"name\":\"Vitarelax\",\"url\":\"https:\/\/www.vitarelax.it\/fr\/\",\"logo\":{\"@type\":\"ImageObject\",\"inLanguage\":\"fr-FR\",\"@id\":\"https:\/\/www.vitarelax.it\/fr\/#\/schema\/logo\/image\/\",\"url\":\"https:\/\/www.vitarelax.it\/wp-content\/uploads\/2017\/12\/c-logoVitarelax.png\",\"contentUrl\":\"https:\/\/www.vitarelax.it\/wp-content\/uploads\/2017\/12\/c-logoVitarelax.png\",\"width\":240,\"height\":100,\"caption\":\"Vitarelax\"},\"image\":{\"@id\":\"https:\/\/www.vitarelax.it\/fr\/#\/schema\/logo\/image\/\"},\"sameAs\":[\"https:\/\/www.facebook.com\/vitarelaxsrl\/\"]}]}<\/script>\n<!-- \/ Yoast SEO plugin. -->","yoast_head_json":{"title":"Karol &#8211; Poltrona Relax con Kit Roller di serie e tavolino multiuso &#8211; Vitarelax","description":"Grazie alla tecnologia Long Relax System, questa poltrona offre la possibilit\u00e0 di controllare lo schienale e il poggiapiedi in modo indipendente.","robots":{"index":"index","follow":"follow","max-snippet":"max-snippet:-1","max-image-preview":"max-image-preview:large","max-video-preview":"max-video-preview:-1"},"canonical":"https:\/\/www.vitarelax.it\/fr\/prodotto\/karol-fauteuil-relax\/","og_locale":"fr_FR","og_type":"article","og_title":"Karol &#8211; Poltrona Relax con Kit Roller di serie e tavolino multiuso &#8211; Vitarelax","og_description":"Grazie alla tecnologia Long Relax System, questa poltrona offre la possibilit\u00e0 di controllare lo schienale e il poggiapiedi in modo indipendente.","og_url":"https:\/\/www.vitarelax.it\/fr\/prodotto\/karol-fauteuil-relax\/","og_site_name":"Vitarelax","article_publisher":"https:\/\/www.facebook.com\/vitarelaxsrl\/","article_modified_time":"2018-01-31T11:03:05+00:00","og_image":[{"width":1120,"height":840,"url":"https:\/\/www.vitarelax.it\/wp-content\/uploads\/2018\/01\/karol-poltrona-relax-thumb.jpg","type":"image\/jpeg"}],"twitter_card":"summary_large_image","schema":{"@context":"https:\/\/schema.org","@graph":[{"@type":"WebPage","@id":"https:\/\/www.vitarelax.it\/fr\/prodotto\/karol-fauteuil-relax\/","url":"https:\/\/www.vitarelax.it\/fr\/prodotto\/karol-fauteuil-relax\/","name":"Karol &#8211; Poltrona Relax con Kit Roller di serie e tavolino multiuso &#8211; Vitarelax","isPartOf":{"@id":"https:\/\/www.vitarelax.it\/fr\/#website"},"primaryImageOfPage":{"@id":"https:\/\/www.vitarelax.it\/fr\/prodotto\/karol-fauteuil-relax\/#primaryimage"},"image":{"@id":"https:\/\/www.vitarelax.it\/fr\/prodotto\/karol-fauteuil-relax\/#primaryimage"},"thumbnailUrl":"https:\/\/www.vitarelax.it\/wp-content\/uploads\/2023\/02\/karol-poltrona-relax-amb.jpg","datePublished":"2018-01-09T08:54:48+00:00","dateModified":"2018-01-31T11:03:05+00:00","description":"Grazie alla tecnologia Long Relax System, questa poltrona offre la possibilit\u00e0 di controllare lo schienale e il poggiapiedi in modo indipendente.","breadcrumb":{"@id":"https:\/\/www.vitarelax.it\/fr\/prodotto\/karol-fauteuil-relax\/#breadcrumb"},"inLanguage":"fr-FR","potentialAction":[{"@type":"ReadAction","target":["https:\/\/www.vitarelax.it\/fr\/prodotto\/karol-fauteuil-relax\/"]}]},{"@type":"ImageObject","inLanguage":"fr-FR","@id":"https:\/\/www.vitarelax.it\/fr\/prodotto\/karol-fauteuil-relax\/#primaryimage","url":"https:\/\/www.vitarelax.it\/wp-content\/uploads\/2023\/02\/karol-poltrona-relax-amb.jpg","contentUrl":"https:\/\/www.vitarelax.it\/wp-content\/uploads\/2023\/02\/karol-poltrona-relax-amb.jpg","width":1120,"height":840},{"@type":"BreadcrumbList","@id":"https:\/\/www.vitarelax.it\/fr\/prodotto\/karol-fauteuil-relax\/#breadcrumb","itemListElement":[{"@type":"ListItem","position":1,"name":"Home","item":"https:\/\/www.vitarelax.it\/fr\/"},{"@type":"ListItem","position":2,"name":"Divani &#038; Poltrone","item":"https:\/\/www.vitarelax.it\/it\/divani-e-poltrone\/"},{"@type":"ListItem","position":3,"name":"Karol"}]},{"@type":"WebSite","@id":"https:\/\/www.vitarelax.it\/fr\/#website","url":"https:\/\/www.vitarelax.it\/fr\/","name":"Vitarelax","description":"Poltrone e Divani","publisher":{"@id":"https:\/\/www.vitarelax.it\/fr\/#organization"},"potentialAction":[{"@type":"SearchAction","target":{"@type":"EntryPoint","urlTemplate":"https:\/\/www.vitarelax.it\/fr\/?s={search_term_string}"},"query-input":{"@type":"PropertyValueSpecification","valueRequired":true,"valueName":"search_term_string"}}],"inLanguage":"fr-FR"},{"@type":"Organization","@id":"https:\/\/www.vitarelax.it\/fr\/#organization","name":"Vitarelax","url":"https:\/\/www.vitarelax.it\/fr\/","logo":{"@type":"ImageObject","inLanguage":"fr-FR","@id":"https:\/\/www.vitarelax.it\/fr\/#\/schema\/logo\/image\/","url":"https:\/\/www.vitarelax.it\/wp-content\/uploads\/2017\/12\/c-logoVitarelax.png","contentUrl":"https:\/\/www.vitarelax.it\/wp-content\/uploads\/2017\/12\/c-logoVitarelax.png","width":240,"height":100,"caption":"Vitarelax"},"image":{"@id":"https:\/\/www.vitarelax.it\/fr\/#\/schema\/logo\/image\/"},"sameAs":["https:\/\/www.facebook.com\/vitarelaxsrl\/"]}]}},"_links":{"self":[{"href":"https:\/\/www.vitarelax.it\/fr\/wp-json\/wp\/v2\/product\/11623","targetHints":{"allow":["GET"]}}],"collection":[{"href":"https:\/\/www.vitarelax.it\/fr\/wp-json\/wp\/v2\/product"}],"about":[{"href":"https:\/\/www.vitarelax.it\/fr\/wp-json\/wp\/v2\/types\/product"}],"wp:featuredmedia":[{"embeddable":true,"href":"https:\/\/www.vitarelax.it\/fr\/wp-json\/wp\/v2\/media\/23798"}],"wp:attachment":[{"href":"https:\/\/www.vitarelax.it\/fr\/wp-json\/wp\/v2\/media?parent=11623"}],"wp:term":[{"taxonomy":"product_brand","embeddable":true,"href":"https:\/\/www.vitarelax.it\/fr\/wp-json\/wp\/v2\/product_brand?post=11623"},{"taxonomy":"product_cat","embeddable":true,"href":"https:\/\/www.vitarelax.it\/fr\/wp-json\/wp\/v2\/product_cat?post=11623"},{"taxonomy":"product_tag","embeddable":true,"href":"https:\/\/www.vitarelax.it\/fr\/wp-json\/wp\/v2\/product_tag?post=11623"}],"curies":[{"name":"wp","href":"https:\/\/api.w.org\/{rel}","templated":true}]}}

<p>Grâce au nouveau Long Relax System, il est possible de contrôler le dossier, le cale-pied et le repose-pied en obtenant une assise extrêmement ample, réglable en hauteur jusqu’à 15 cm.</p>
<p>De plus, il est possible de démonter les accoudoirs pour se rapprocher plus facilement des tables ou des plans de travail et pour monter ensuite un plan d’appui pouvant servir à d’éventuelles activités de réhabilitation ou de divertissement.</p>

<p>Grâce au nouveau Long Relax System, il est possible de contrôler le dossier, le cale-pied et le repose-pied en obtenant une assise extrêmement ample, réglable en hauteur jusqu’à 15 cm. &hellip; </p>

<!-- This site is optimized with the Yoast SEO plugin v26.2 - https://yoast.com/wordpress/plugins/seo/ -->
<title>Karol &#8211; Poltrona Relax con Kit Roller di serie e tavolino multiuso &#8211; Vitarelax</title>
<meta name="description" content="Grazie alla tecnologia Long Relax System, questa poltrona offre la possibilità di controllare lo schienale e il poggiapiedi in modo indipendente." />
<meta name="robots" content="index, follow, max-snippet:-1, max-image-preview:large, max-video-preview:-1" />
<link rel="canonical" href="https://www.vitarelax.it/fr/prodotto/karol-fauteuil-relax/" />
<meta property="og:locale" content="fr_FR" />
<meta property="og:type" content="article" />
<meta property="og:title" content="Karol &#8211; Poltrona Relax con Kit Roller di serie e tavolino multiuso &#8211; Vitarelax" />
<meta property="og:description" content="Grazie alla tecnologia Long Relax System, questa poltrona offre la possibilità di controllare lo schienale e il poggiapiedi in modo indipendente." />
<meta property="og:url" content="https://www.vitarelax.it/fr/prodotto/karol-fauteuil-relax/" />
<meta property="og:site_name" content="Vitarelax" />
<meta property="article:publisher" content="https://www.facebook.com/vitarelaxsrl/" />
<meta property="article:modified_time" content="2018-01-31T11:03:05+00:00" />
<meta property="og:image" content="https://www.vitarelax.it/wp-content/uploads/2018/01/karol-poltrona-relax-thumb.jpg" />
	<meta property="og:image:width" content="1120" />
	<meta property="og:image:height" content="840" />
	<meta property="og:image:type" content="image/jpeg" />
<meta name="twitter:card" content="summary_large_image" />
<script type="application/ld+json" class="yoast-schema-graph">{"@context":"https://schema.org","@graph":[{"@type":"WebPage","@id":"https://www.vitarelax.it/fr/prodotto/karol-fauteuil-relax/","url":"https://www.vitarelax.it/fr/prodotto/karol-fauteuil-relax/","name":"Karol &#8211; Poltrona Relax con Kit Roller di serie e tavolino multiuso &#8211; Vitarelax","isPartOf":{"@id":"https://www.vitarelax.it/fr/#website"},"primaryImageOfPage":{"@id":"https://www.vitarelax.it/fr/prodotto/karol-fauteuil-relax/#primaryimage"},"image":{"@id":"https://www.vitarelax.it/fr/prodotto/karol-fauteuil-relax/#primaryimage"},"thumbnailUrl":"https://www.vitarelax.it/wp-content/uploads/2023/02/karol-poltrona-relax-amb.jpg","datePublished":"2018-01-09T08:54:48+00:00","dateModified":"2018-01-31T11:03:05+00:00","description":"Grazie alla tecnologia Long Relax System, questa poltrona offre la possibilità di controllare lo schienale e il poggiapiedi in modo indipendente.","breadcrumb":{"@id":"https://www.vitarelax.it/fr/prodotto/karol-fauteuil-relax/#breadcrumb"},"inLanguage":"fr-FR","potentialAction":[{"@type":"ReadAction","target":["https://www.vitarelax.it/fr/prodotto/karol-fauteuil-relax/"]}]},{"@type":"ImageObject","inLanguage":"fr-FR","@id":"https://www.vitarelax.it/fr/prodotto/karol-fauteuil-relax/#primaryimage","url":"https://www.vitarelax.it/wp-content/uploads/2023/02/karol-poltrona-relax-amb.jpg","contentUrl":"https://www.vitarelax.it/wp-content/uploads/2023/02/karol-poltrona-relax-amb.jpg","width":1120,"height":840},{"@type":"BreadcrumbList","@id":"https://www.vitarelax.it/fr/prodotto/karol-fauteuil-relax/#breadcrumb","itemListElement":[{"@type":"ListItem","position":1,"name":"Home","item":"https://www.vitarelax.it/fr/"},{"@type":"ListItem","position":2,"name":"Divani &#038; Poltrone","item":"https://www.vitarelax.it/it/divani-e-poltrone/"},{"@type":"ListItem","position":3,"name":"Karol"}]},{"@type":"WebSite","@id":"https://www.vitarelax.it/fr/#website","url":"https://www.vitarelax.it/fr/","name":"Vitarelax","description":"Poltrone e Divani","publisher":{"@id":"https://www.vitarelax.it/fr/#organization"},"potentialAction":[{"@type":"SearchAction","target":{"@type":"EntryPoint","urlTemplate":"https://www.vitarelax.it/fr/?s={search_term_string}"},"query-input":{"@type":"PropertyValueSpecification","valueRequired":true,"valueName":"search_term_string"}}],"inLanguage":"fr-FR"},{"@type":"Organization","@id":"https://www.vitarelax.it/fr/#organization","name":"Vitarelax","url":"https://www.vitarelax.it/fr/","logo":{"@type":"ImageObject","inLanguage":"fr-FR","@id":"https://www.vitarelax.it/fr/#/schema/logo/image/","url":"https://www.vitarelax.it/wp-content/uploads/2017/12/c-logoVitarelax.png","contentUrl":"https://www.vitarelax.it/wp-content/uploads/2017/12/c-logoVitarelax.png","width":240,"height":100,"caption":"Vitarelax"},"image":{"@id":"https://www.vitarelax.it/fr/#/schema/logo/image/"},"sameAs":["https://www.facebook.com/vitarelaxsrl/"]}]}</script>
<!-- / Yoast SEO plugin. -->

Grazie alla tecnologia Long Relax System, questa poltrona offre la possibilità di controllare lo schienale e il poggiapiedi in modo indipendente.
