{"id":11620,"date":"2018-01-12T12:43:45","date_gmt":"2018-01-12T11:43:45","guid":{"rendered":"https:\/\/www.vitarelax.it\/prodotto\/italo-Canap\u00e9-lit\/"},"modified":"2019-05-31T15:58:54","modified_gmt":"2019-05-31T13:58:54","slug":"italo-canape-lit","status":"publish","type":"product","link":"https:\/\/www.vitarelax.it\/fr\/prodotto\/italo-canape-lit\/","title":{"rendered":"Italo"},"content":{"rendered":"<p>Italo est un Canap\u00e9-lit versatile se caract\u00e9risant par des formes souples et attractives.<\/p>\n<p>La modularit\u00e9 des \u00e9l\u00e9ments permet de combiner ceux-ci de fa\u00e7on \u00e0 multiplier les solutions, r\u00e9pondant ainsi aux diverses exigences en termes de style et d\u2019espace.<\/p>\n<p>Italo est disponible avec des pieds en h\u00eatre ou en wengh\u00e9. Disponible en tissu, compl\u00e8tement d\u00e9houssable.<\/p>\n<p>Gr\u00e2ce \u00e0 Italo, vous serez libre de cr\u00e9er la solution r\u00e9pondant le mieux \u00e0 vos exigences et vous pourrez \u00e0 tout moment changer l\u2019aspect de votre s\u00e9jour en repositionnant les \u00e9l\u00e9ments du divan.<\/p>\n","protected":false},"excerpt":{"rendered":"<p>Italo est un Canap\u00e9-lit versatile se caract\u00e9risant par des formes souples et attractives. La modularit\u00e9 des \u00e9l\u00e9ments permet de combiner ceux-ci de fa\u00e7on \u00e0 multiplier les solutions, r\u00e9pondant ainsi aux &hellip; <\/p>\n","protected":false},"featured_media":10634,"template":"","meta":[],"product_brand":[],"product_cat":[126],"product_tag":[168,390,174,146,182,140,148,172],"class_list":{"0":"post-11620","1":"product","2":"type-product","3":"status-publish","4":"has-post-thumbnail","6":"product_cat-canapes-lits","7":"product_tag-matelas-h13cm","8":"product_tag-sommier-option","9":"product_tag-appuie-tete","10":"product_tag-completement-dehoussable","11":"product_tag-dossier-avec-compartiment-pour-coussins","12":"product_tag-egalement-en-version-fixe","13":"product_tag-modulable","14":"product_tag-pied-h-12cm","16":"first","17":"instock","18":"virtual","19":"product-type-simple"},"acf":[],"yoast_head":"<!-- This site is optimized with the Yoast SEO plugin v26.2 - https:\/\/yoast.com\/wordpress\/plugins\/seo\/ -->\n<title>Canap\u00e9s-lits &#8211; Italo &#8211; Vitarelax<\/title>\n<meta name=\"description\" content=\"Italo \u00e8 un divano letto versatile e completamente sfoderabile, con uno stile classico ed elegante. Disponibile con piedini in faggio o wengh\u00e9.\" \/>\n<meta name=\"robots\" content=\"index, follow, max-snippet:-1, max-image-preview:large, max-video-preview:-1\" \/>\n<link rel=\"canonical\" href=\"https:\/\/www.vitarelax.it\/fr\/prodotto\/italo-canape-lit\/\" \/>\n<meta property=\"og:locale\" content=\"fr_FR\" \/>\n<meta property=\"og:type\" content=\"article\" \/>\n<meta property=\"og:title\" content=\"Canap\u00e9s-lits &#8211; Italo &#8211; Vitarelax\" \/>\n<meta property=\"og:description\" content=\"Italo \u00e8 un divano letto versatile e completamente sfoderabile, con uno stile classico ed elegante. Disponibile con piedini in faggio o wengh\u00e9.\" \/>\n<meta property=\"og:url\" content=\"https:\/\/www.vitarelax.it\/fr\/prodotto\/italo-canape-lit\/\" \/>\n<meta property=\"og:site_name\" content=\"Vitarelax\" \/>\n<meta property=\"article:publisher\" content=\"https:\/\/www.facebook.com\/vitarelaxsrl\/\" \/>\n<meta property=\"article:modified_time\" content=\"2019-05-31T13:58:54+00:00\" \/>\n<meta property=\"og:image\" content=\"https:\/\/www.vitarelax.it\/wp-content\/uploads\/2018\/01\/italo-thumb.jpg\" \/>\n\t<meta property=\"og:image:width\" content=\"1120\" \/>\n\t<meta property=\"og:image:height\" content=\"840\" \/>\n\t<meta property=\"og:image:type\" content=\"image\/jpeg\" \/>\n<meta name=\"twitter:card\" content=\"summary_large_image\" \/>\n<script type=\"application\/ld+json\" class=\"yoast-schema-graph\">{\"@context\":\"https:\/\/schema.org\",\"@graph\":[{\"@type\":\"WebPage\",\"@id\":\"https:\/\/www.vitarelax.it\/fr\/prodotto\/italo-canape-lit\/\",\"url\":\"https:\/\/www.vitarelax.it\/fr\/prodotto\/italo-canape-lit\/\",\"name\":\"Canap\u00e9s-lits &#8211; Italo &#8211; Vitarelax\",\"isPartOf\":{\"@id\":\"https:\/\/www.vitarelax.it\/fr\/#website\"},\"primaryImageOfPage\":{\"@id\":\"https:\/\/www.vitarelax.it\/fr\/prodotto\/italo-canape-lit\/#primaryimage\"},\"image\":{\"@id\":\"https:\/\/www.vitarelax.it\/fr\/prodotto\/italo-canape-lit\/#primaryimage\"},\"thumbnailUrl\":\"https:\/\/www.vitarelax.it\/wp-content\/uploads\/2018\/01\/italo-thumb.jpg\",\"datePublished\":\"2018-01-12T11:43:45+00:00\",\"dateModified\":\"2019-05-31T13:58:54+00:00\",\"description\":\"Italo \u00e8 un divano letto versatile e completamente sfoderabile, con uno stile classico ed elegante. Disponibile con piedini in faggio o wengh\u00e9.\",\"breadcrumb\":{\"@id\":\"https:\/\/www.vitarelax.it\/fr\/prodotto\/italo-canape-lit\/#breadcrumb\"},\"inLanguage\":\"fr-FR\",\"potentialAction\":[{\"@type\":\"ReadAction\",\"target\":[\"https:\/\/www.vitarelax.it\/fr\/prodotto\/italo-canape-lit\/\"]}]},{\"@type\":\"ImageObject\",\"inLanguage\":\"fr-FR\",\"@id\":\"https:\/\/www.vitarelax.it\/fr\/prodotto\/italo-canape-lit\/#primaryimage\",\"url\":\"https:\/\/www.vitarelax.it\/wp-content\/uploads\/2018\/01\/italo-thumb.jpg\",\"contentUrl\":\"https:\/\/www.vitarelax.it\/wp-content\/uploads\/2018\/01\/italo-thumb.jpg\",\"width\":1120,\"height\":840,\"caption\":\"Canap\u00e9-lit Italo\"},{\"@type\":\"BreadcrumbList\",\"@id\":\"https:\/\/www.vitarelax.it\/fr\/prodotto\/italo-canape-lit\/#breadcrumb\",\"itemListElement\":[{\"@type\":\"ListItem\",\"position\":1,\"name\":\"Home\",\"item\":\"https:\/\/www.vitarelax.it\/fr\/\"},{\"@type\":\"ListItem\",\"position\":2,\"name\":\"Divani &#038; Poltrone\",\"item\":\"https:\/\/www.vitarelax.it\/it\/divani-e-poltrone\/\"},{\"@type\":\"ListItem\",\"position\":3,\"name\":\"Italo\"}]},{\"@type\":\"WebSite\",\"@id\":\"https:\/\/www.vitarelax.it\/fr\/#website\",\"url\":\"https:\/\/www.vitarelax.it\/fr\/\",\"name\":\"Vitarelax\",\"description\":\"Poltrone e Divani\",\"publisher\":{\"@id\":\"https:\/\/www.vitarelax.it\/fr\/#organization\"},\"potentialAction\":[{\"@type\":\"SearchAction\",\"target\":{\"@type\":\"EntryPoint\",\"urlTemplate\":\"https:\/\/www.vitarelax.it\/fr\/?s={search_term_string}\"},\"query-input\":{\"@type\":\"PropertyValueSpecification\",\"valueRequired\":true,\"valueName\":\"search_term_string\"}}],\"inLanguage\":\"fr-FR\"},{\"@type\":\"Organization\",\"@id\":\"https:\/\/www.vitarelax.it\/fr\/#organization\",\"name\":\"Vitarelax\",\"url\":\"https:\/\/www.vitarelax.it\/fr\/\",\"logo\":{\"@type\":\"ImageObject\",\"inLanguage\":\"fr-FR\",\"@id\":\"https:\/\/www.vitarelax.it\/fr\/#\/schema\/logo\/image\/\",\"url\":\"https:\/\/www.vitarelax.it\/wp-content\/uploads\/2017\/12\/c-logoVitarelax.png\",\"contentUrl\":\"https:\/\/www.vitarelax.it\/wp-content\/uploads\/2017\/12\/c-logoVitarelax.png\",\"width\":240,\"height\":100,\"caption\":\"Vitarelax\"},\"image\":{\"@id\":\"https:\/\/www.vitarelax.it\/fr\/#\/schema\/logo\/image\/\"},\"sameAs\":[\"https:\/\/www.facebook.com\/vitarelaxsrl\/\"]}]}<\/script>\n<!-- \/ Yoast SEO plugin. -->","yoast_head_json":{"title":"Canap\u00e9s-lits &#8211; Italo &#8211; Vitarelax","description":"Italo \u00e8 un divano letto versatile e completamente sfoderabile, con uno stile classico ed elegante. Disponibile con piedini in faggio o wengh\u00e9.","robots":{"index":"index","follow":"follow","max-snippet":"max-snippet:-1","max-image-preview":"max-image-preview:large","max-video-preview":"max-video-preview:-1"},"canonical":"https:\/\/www.vitarelax.it\/fr\/prodotto\/italo-canape-lit\/","og_locale":"fr_FR","og_type":"article","og_title":"Canap\u00e9s-lits &#8211; Italo &#8211; Vitarelax","og_description":"Italo \u00e8 un divano letto versatile e completamente sfoderabile, con uno stile classico ed elegante. Disponibile con piedini in faggio o wengh\u00e9.","og_url":"https:\/\/www.vitarelax.it\/fr\/prodotto\/italo-canape-lit\/","og_site_name":"Vitarelax","article_publisher":"https:\/\/www.facebook.com\/vitarelaxsrl\/","article_modified_time":"2019-05-31T13:58:54+00:00","og_image":[{"width":1120,"height":840,"url":"https:\/\/www.vitarelax.it\/wp-content\/uploads\/2018\/01\/italo-thumb.jpg","type":"image\/jpeg"}],"twitter_card":"summary_large_image","schema":{"@context":"https:\/\/schema.org","@graph":[{"@type":"WebPage","@id":"https:\/\/www.vitarelax.it\/fr\/prodotto\/italo-canape-lit\/","url":"https:\/\/www.vitarelax.it\/fr\/prodotto\/italo-canape-lit\/","name":"Canap\u00e9s-lits &#8211; Italo &#8211; Vitarelax","isPartOf":{"@id":"https:\/\/www.vitarelax.it\/fr\/#website"},"primaryImageOfPage":{"@id":"https:\/\/www.vitarelax.it\/fr\/prodotto\/italo-canape-lit\/#primaryimage"},"image":{"@id":"https:\/\/www.vitarelax.it\/fr\/prodotto\/italo-canape-lit\/#primaryimage"},"thumbnailUrl":"https:\/\/www.vitarelax.it\/wp-content\/uploads\/2018\/01\/italo-thumb.jpg","datePublished":"2018-01-12T11:43:45+00:00","dateModified":"2019-05-31T13:58:54+00:00","description":"Italo \u00e8 un divano letto versatile e completamente sfoderabile, con uno stile classico ed elegante. Disponibile con piedini in faggio o wengh\u00e9.","breadcrumb":{"@id":"https:\/\/www.vitarelax.it\/fr\/prodotto\/italo-canape-lit\/#breadcrumb"},"inLanguage":"fr-FR","potentialAction":[{"@type":"ReadAction","target":["https:\/\/www.vitarelax.it\/fr\/prodotto\/italo-canape-lit\/"]}]},{"@type":"ImageObject","inLanguage":"fr-FR","@id":"https:\/\/www.vitarelax.it\/fr\/prodotto\/italo-canape-lit\/#primaryimage","url":"https:\/\/www.vitarelax.it\/wp-content\/uploads\/2018\/01\/italo-thumb.jpg","contentUrl":"https:\/\/www.vitarelax.it\/wp-content\/uploads\/2018\/01\/italo-thumb.jpg","width":1120,"height":840,"caption":"Canap\u00e9-lit Italo"},{"@type":"BreadcrumbList","@id":"https:\/\/www.vitarelax.it\/fr\/prodotto\/italo-canape-lit\/#breadcrumb","itemListElement":[{"@type":"ListItem","position":1,"name":"Home","item":"https:\/\/www.vitarelax.it\/fr\/"},{"@type":"ListItem","position":2,"name":"Divani &#038; Poltrone","item":"https:\/\/www.vitarelax.it\/it\/divani-e-poltrone\/"},{"@type":"ListItem","position":3,"name":"Italo"}]},{"@type":"WebSite","@id":"https:\/\/www.vitarelax.it\/fr\/#website","url":"https:\/\/www.vitarelax.it\/fr\/","name":"Vitarelax","description":"Poltrone e Divani","publisher":{"@id":"https:\/\/www.vitarelax.it\/fr\/#organization"},"potentialAction":[{"@type":"SearchAction","target":{"@type":"EntryPoint","urlTemplate":"https:\/\/www.vitarelax.it\/fr\/?s={search_term_string}"},"query-input":{"@type":"PropertyValueSpecification","valueRequired":true,"valueName":"search_term_string"}}],"inLanguage":"fr-FR"},{"@type":"Organization","@id":"https:\/\/www.vitarelax.it\/fr\/#organization","name":"Vitarelax","url":"https:\/\/www.vitarelax.it\/fr\/","logo":{"@type":"ImageObject","inLanguage":"fr-FR","@id":"https:\/\/www.vitarelax.it\/fr\/#\/schema\/logo\/image\/","url":"https:\/\/www.vitarelax.it\/wp-content\/uploads\/2017\/12\/c-logoVitarelax.png","contentUrl":"https:\/\/www.vitarelax.it\/wp-content\/uploads\/2017\/12\/c-logoVitarelax.png","width":240,"height":100,"caption":"Vitarelax"},"image":{"@id":"https:\/\/www.vitarelax.it\/fr\/#\/schema\/logo\/image\/"},"sameAs":["https:\/\/www.facebook.com\/vitarelaxsrl\/"]}]}},"_links":{"self":[{"href":"https:\/\/www.vitarelax.it\/fr\/wp-json\/wp\/v2\/product\/11620","targetHints":{"allow":["GET"]}}],"collection":[{"href":"https:\/\/www.vitarelax.it\/fr\/wp-json\/wp\/v2\/product"}],"about":[{"href":"https:\/\/www.vitarelax.it\/fr\/wp-json\/wp\/v2\/types\/product"}],"wp:featuredmedia":[{"embeddable":true,"href":"https:\/\/www.vitarelax.it\/fr\/wp-json\/wp\/v2\/media\/10634"}],"wp:attachment":[{"href":"https:\/\/www.vitarelax.it\/fr\/wp-json\/wp\/v2\/media?parent=11620"}],"wp:term":[{"taxonomy":"product_brand","embeddable":true,"href":"https:\/\/www.vitarelax.it\/fr\/wp-json\/wp\/v2\/product_brand?post=11620"},{"taxonomy":"product_cat","embeddable":true,"href":"https:\/\/www.vitarelax.it\/fr\/wp-json\/wp\/v2\/product_cat?post=11620"},{"taxonomy":"product_tag","embeddable":true,"href":"https:\/\/www.vitarelax.it\/fr\/wp-json\/wp\/v2\/product_tag?post=11620"}],"curies":[{"name":"wp","href":"https:\/\/api.w.org\/{rel}","templated":true}]}}

https://www.vitarelax.it/prodotto/italo-Canapé-lit/

<p>Italo est un Canapé-lit versatile se caractérisant par des formes souples et attractives.</p>
<p>La modularité des éléments permet de combiner ceux-ci de façon à multiplier les solutions, répondant ainsi aux diverses exigences en termes de style et d’espace.</p>
<p>Italo est disponible avec des pieds en hêtre ou en wenghé. Disponible en tissu, complètement déhoussable.</p>
<p>Grâce à Italo, vous serez libre de créer la solution répondant le mieux à vos exigences et vous pourrez à tout moment changer l’aspect de votre séjour en repositionnant les éléments du divan.</p>

<p>Italo est un Canapé-lit versatile se caractérisant par des formes souples et attractives. La modularité des éléments permet de combiner ceux-ci de façon à multiplier les solutions, répondant ainsi aux &hellip; </p>

<!-- This site is optimized with the Yoast SEO plugin v26.2 - https://yoast.com/wordpress/plugins/seo/ -->
<title>Canapés-lits &#8211; Italo &#8211; Vitarelax</title>
<meta name="description" content="Italo è un divano letto versatile e completamente sfoderabile, con uno stile classico ed elegante. Disponibile con piedini in faggio o wenghé." />
<meta name="robots" content="index, follow, max-snippet:-1, max-image-preview:large, max-video-preview:-1" />
<link rel="canonical" href="https://www.vitarelax.it/fr/prodotto/italo-canape-lit/" />
<meta property="og:locale" content="fr_FR" />
<meta property="og:type" content="article" />
<meta property="og:title" content="Canapés-lits &#8211; Italo &#8211; Vitarelax" />
<meta property="og:description" content="Italo è un divano letto versatile e completamente sfoderabile, con uno stile classico ed elegante. Disponibile con piedini in faggio o wenghé." />
<meta property="og:url" content="https://www.vitarelax.it/fr/prodotto/italo-canape-lit/" />
<meta property="og:site_name" content="Vitarelax" />
<meta property="article:publisher" content="https://www.facebook.com/vitarelaxsrl/" />
<meta property="article:modified_time" content="2019-05-31T13:58:54+00:00" />
<meta property="og:image" content="https://www.vitarelax.it/wp-content/uploads/2018/01/italo-thumb.jpg" />
	<meta property="og:image:width" content="1120" />
	<meta property="og:image:height" content="840" />
	<meta property="og:image:type" content="image/jpeg" />
<meta name="twitter:card" content="summary_large_image" />
<script type="application/ld+json" class="yoast-schema-graph">{"@context":"https://schema.org","@graph":[{"@type":"WebPage","@id":"https://www.vitarelax.it/fr/prodotto/italo-canape-lit/","url":"https://www.vitarelax.it/fr/prodotto/italo-canape-lit/","name":"Canapés-lits &#8211; Italo &#8211; Vitarelax","isPartOf":{"@id":"https://www.vitarelax.it/fr/#website"},"primaryImageOfPage":{"@id":"https://www.vitarelax.it/fr/prodotto/italo-canape-lit/#primaryimage"},"image":{"@id":"https://www.vitarelax.it/fr/prodotto/italo-canape-lit/#primaryimage"},"thumbnailUrl":"https://www.vitarelax.it/wp-content/uploads/2018/01/italo-thumb.jpg","datePublished":"2018-01-12T11:43:45+00:00","dateModified":"2019-05-31T13:58:54+00:00","description":"Italo è un divano letto versatile e completamente sfoderabile, con uno stile classico ed elegante. Disponibile con piedini in faggio o wenghé.","breadcrumb":{"@id":"https://www.vitarelax.it/fr/prodotto/italo-canape-lit/#breadcrumb"},"inLanguage":"fr-FR","potentialAction":[{"@type":"ReadAction","target":["https://www.vitarelax.it/fr/prodotto/italo-canape-lit/"]}]},{"@type":"ImageObject","inLanguage":"fr-FR","@id":"https://www.vitarelax.it/fr/prodotto/italo-canape-lit/#primaryimage","url":"https://www.vitarelax.it/wp-content/uploads/2018/01/italo-thumb.jpg","contentUrl":"https://www.vitarelax.it/wp-content/uploads/2018/01/italo-thumb.jpg","width":1120,"height":840,"caption":"Canapé-lit Italo"},{"@type":"BreadcrumbList","@id":"https://www.vitarelax.it/fr/prodotto/italo-canape-lit/#breadcrumb","itemListElement":[{"@type":"ListItem","position":1,"name":"Home","item":"https://www.vitarelax.it/fr/"},{"@type":"ListItem","position":2,"name":"Divani &#038; Poltrone","item":"https://www.vitarelax.it/it/divani-e-poltrone/"},{"@type":"ListItem","position":3,"name":"Italo"}]},{"@type":"WebSite","@id":"https://www.vitarelax.it/fr/#website","url":"https://www.vitarelax.it/fr/","name":"Vitarelax","description":"Poltrone e Divani","publisher":{"@id":"https://www.vitarelax.it/fr/#organization"},"potentialAction":[{"@type":"SearchAction","target":{"@type":"EntryPoint","urlTemplate":"https://www.vitarelax.it/fr/?s={search_term_string}"},"query-input":{"@type":"PropertyValueSpecification","valueRequired":true,"valueName":"search_term_string"}}],"inLanguage":"fr-FR"},{"@type":"Organization","@id":"https://www.vitarelax.it/fr/#organization","name":"Vitarelax","url":"https://www.vitarelax.it/fr/","logo":{"@type":"ImageObject","inLanguage":"fr-FR","@id":"https://www.vitarelax.it/fr/#/schema/logo/image/","url":"https://www.vitarelax.it/wp-content/uploads/2017/12/c-logoVitarelax.png","contentUrl":"https://www.vitarelax.it/wp-content/uploads/2017/12/c-logoVitarelax.png","width":240,"height":100,"caption":"Vitarelax"},"image":{"@id":"https://www.vitarelax.it/fr/#/schema/logo/image/"},"sameAs":["https://www.facebook.com/vitarelaxsrl/"]}]}</script>
<!-- / Yoast SEO plugin. -->

Canapés-lits &#8211; Italo &#8211; Vitarelax

Italo è un divano letto versatile e completamente sfoderabile, con uno stile classico ed elegante. Disponibile con piedini in faggio o wenghé.

Canapé-lit Italo
