{"id":11609,"date":"2018-01-08T17:29:31","date_gmt":"2018-01-08T16:29:31","guid":{"rendered":"https:\/\/www.vitarelax.it\/prodotto\/fiore-Canap\u00e9-lit\/"},"modified":"2019-05-31T15:56:42","modified_gmt":"2019-05-31T13:56:42","slug":"fiore-canape-lit","status":"publish","type":"product","link":"https:\/\/www.vitarelax.it\/fr\/prodotto\/fiore-canape-lit\/","title":{"rendered":"Fiore"},"content":{"rendered":"<p>Ce divan simple et carr\u00e9 pr\u00e9sente des assises et des dossiers doux et enveloppants.<\/p>\n<p>Tous les coussins restent fix\u00e9s \u00e0 la structure m\u00eame quand le divan est transform\u00e9 en un lit\u00a0: un autre aspect tr\u00e8s commode!<\/p>\n","protected":false},"excerpt":{"rendered":"<p>Ce divan simple et carr\u00e9 pr\u00e9sente des assises et des dossiers doux et enveloppants. Tous les coussins restent fix\u00e9s \u00e0 la structure m\u00eame quand le divan est transform\u00e9 en un &hellip; <\/p>\n","protected":false},"featured_media":15009,"template":"","meta":[],"product_brand":[],"product_cat":[126],"product_tag":[168,390,144,146,150,140,156],"class_list":{"0":"post-11609","1":"product","2":"type-product","3":"status-publish","4":"has-post-thumbnail","6":"product_cat-canapes-lits","7":"product_tag-matelas-h13cm","8":"product_tag-sommier-option","9":"product_tag-accoudoirs-personnalisables","10":"product_tag-completement-dehoussable","11":"product_tag-disponible-avec-chaise-longue","12":"product_tag-egalement-en-version-fixe","13":"product_tag-extra-confort","15":"first","16":"instock","17":"virtual","18":"product-type-simple"},"acf":[],"yoast_head":"<!-- This site is optimized with the Yoast SEO plugin v26.2 - https:\/\/yoast.com\/wordpress\/plugins\/seo\/ -->\n<title>Canap\u00e9s-lits &#8211; Fiore &#8211; Vitarelax<\/title>\n<meta name=\"description\" content=\"Ce divan simple et carr\u00e9 pr\u00e9sente des assises et des dossiers doux et enveloppants. Tous les coussins restent fix\u00e9s \u00e0 la structure m\u00eame quand le divan est\" \/>\n<meta name=\"robots\" content=\"index, follow, max-snippet:-1, max-image-preview:large, max-video-preview:-1\" \/>\n<link rel=\"canonical\" href=\"https:\/\/www.vitarelax.it\/fr\/prodotto\/fiore-canape-lit\/\" \/>\n<meta property=\"og:locale\" content=\"fr_FR\" \/>\n<meta property=\"og:type\" content=\"article\" \/>\n<meta property=\"og:title\" content=\"Canap\u00e9s-lits &#8211; Fiore &#8211; Vitarelax\" \/>\n<meta property=\"og:description\" content=\"Ce divan simple et carr\u00e9 pr\u00e9sente des assises et des dossiers doux et enveloppants. Tous les coussins restent fix\u00e9s \u00e0 la structure m\u00eame quand le divan est\" \/>\n<meta property=\"og:url\" content=\"https:\/\/www.vitarelax.it\/fr\/prodotto\/fiore-canape-lit\/\" \/>\n<meta property=\"og:site_name\" content=\"Vitarelax\" \/>\n<meta property=\"article:publisher\" content=\"https:\/\/www.facebook.com\/vitarelaxsrl\/\" \/>\n<meta property=\"article:modified_time\" content=\"2019-05-31T13:56:42+00:00\" \/>\n<meta property=\"og:image\" content=\"https:\/\/www.vitarelax.it\/wp-content\/uploads\/2019\/05\/fiore-thumb-2019-05.jpg\" \/>\n\t<meta property=\"og:image:width\" content=\"1120\" \/>\n\t<meta property=\"og:image:height\" content=\"840\" \/>\n\t<meta property=\"og:image:type\" content=\"image\/jpeg\" \/>\n<meta name=\"twitter:card\" content=\"summary_large_image\" \/>\n<script type=\"application\/ld+json\" class=\"yoast-schema-graph\">{\"@context\":\"https:\/\/schema.org\",\"@graph\":[{\"@type\":\"WebPage\",\"@id\":\"https:\/\/www.vitarelax.it\/fr\/prodotto\/fiore-canape-lit\/\",\"url\":\"https:\/\/www.vitarelax.it\/fr\/prodotto\/fiore-canape-lit\/\",\"name\":\"Canap\u00e9s-lits &#8211; Fiore &#8211; Vitarelax\",\"isPartOf\":{\"@id\":\"https:\/\/www.vitarelax.it\/fr\/#website\"},\"primaryImageOfPage\":{\"@id\":\"https:\/\/www.vitarelax.it\/fr\/prodotto\/fiore-canape-lit\/#primaryimage\"},\"image\":{\"@id\":\"https:\/\/www.vitarelax.it\/fr\/prodotto\/fiore-canape-lit\/#primaryimage\"},\"thumbnailUrl\":\"https:\/\/www.vitarelax.it\/wp-content\/uploads\/2019\/05\/fiore-thumb-2019-05.jpg\",\"datePublished\":\"2018-01-08T16:29:31+00:00\",\"dateModified\":\"2019-05-31T13:56:42+00:00\",\"description\":\"Ce divan simple et carr\u00e9 pr\u00e9sente des assises et des dossiers doux et enveloppants. Tous les coussins restent fix\u00e9s \u00e0 la structure m\u00eame quand le divan est\",\"breadcrumb\":{\"@id\":\"https:\/\/www.vitarelax.it\/fr\/prodotto\/fiore-canape-lit\/#breadcrumb\"},\"inLanguage\":\"fr-FR\",\"potentialAction\":[{\"@type\":\"ReadAction\",\"target\":[\"https:\/\/www.vitarelax.it\/fr\/prodotto\/fiore-canape-lit\/\"]}]},{\"@type\":\"ImageObject\",\"inLanguage\":\"fr-FR\",\"@id\":\"https:\/\/www.vitarelax.it\/fr\/prodotto\/fiore-canape-lit\/#primaryimage\",\"url\":\"https:\/\/www.vitarelax.it\/wp-content\/uploads\/2019\/05\/fiore-thumb-2019-05.jpg\",\"contentUrl\":\"https:\/\/www.vitarelax.it\/wp-content\/uploads\/2019\/05\/fiore-thumb-2019-05.jpg\",\"width\":1120,\"height\":840,\"caption\":\"Divano Letto Fiore\"},{\"@type\":\"BreadcrumbList\",\"@id\":\"https:\/\/www.vitarelax.it\/fr\/prodotto\/fiore-canape-lit\/#breadcrumb\",\"itemListElement\":[{\"@type\":\"ListItem\",\"position\":1,\"name\":\"Home\",\"item\":\"https:\/\/www.vitarelax.it\/fr\/\"},{\"@type\":\"ListItem\",\"position\":2,\"name\":\"Divani &#038; Poltrone\",\"item\":\"https:\/\/www.vitarelax.it\/it\/divani-e-poltrone\/\"},{\"@type\":\"ListItem\",\"position\":3,\"name\":\"Fiore\"}]},{\"@type\":\"WebSite\",\"@id\":\"https:\/\/www.vitarelax.it\/fr\/#website\",\"url\":\"https:\/\/www.vitarelax.it\/fr\/\",\"name\":\"Vitarelax\",\"description\":\"Poltrone e Divani\",\"publisher\":{\"@id\":\"https:\/\/www.vitarelax.it\/fr\/#organization\"},\"potentialAction\":[{\"@type\":\"SearchAction\",\"target\":{\"@type\":\"EntryPoint\",\"urlTemplate\":\"https:\/\/www.vitarelax.it\/fr\/?s={search_term_string}\"},\"query-input\":{\"@type\":\"PropertyValueSpecification\",\"valueRequired\":true,\"valueName\":\"search_term_string\"}}],\"inLanguage\":\"fr-FR\"},{\"@type\":\"Organization\",\"@id\":\"https:\/\/www.vitarelax.it\/fr\/#organization\",\"name\":\"Vitarelax\",\"url\":\"https:\/\/www.vitarelax.it\/fr\/\",\"logo\":{\"@type\":\"ImageObject\",\"inLanguage\":\"fr-FR\",\"@id\":\"https:\/\/www.vitarelax.it\/fr\/#\/schema\/logo\/image\/\",\"url\":\"https:\/\/www.vitarelax.it\/wp-content\/uploads\/2017\/12\/c-logoVitarelax.png\",\"contentUrl\":\"https:\/\/www.vitarelax.it\/wp-content\/uploads\/2017\/12\/c-logoVitarelax.png\",\"width\":240,\"height\":100,\"caption\":\"Vitarelax\"},\"image\":{\"@id\":\"https:\/\/www.vitarelax.it\/fr\/#\/schema\/logo\/image\/\"},\"sameAs\":[\"https:\/\/www.facebook.com\/vitarelaxsrl\/\"]}]}<\/script>\n<!-- \/ Yoast SEO plugin. -->","yoast_head_json":{"title":"Canap\u00e9s-lits &#8211; Fiore &#8211; Vitarelax","description":"Ce divan simple et carr\u00e9 pr\u00e9sente des assises et des dossiers doux et enveloppants. Tous les coussins restent fix\u00e9s \u00e0 la structure m\u00eame quand le divan est","robots":{"index":"index","follow":"follow","max-snippet":"max-snippet:-1","max-image-preview":"max-image-preview:large","max-video-preview":"max-video-preview:-1"},"canonical":"https:\/\/www.vitarelax.it\/fr\/prodotto\/fiore-canape-lit\/","og_locale":"fr_FR","og_type":"article","og_title":"Canap\u00e9s-lits &#8211; Fiore &#8211; Vitarelax","og_description":"Ce divan simple et carr\u00e9 pr\u00e9sente des assises et des dossiers doux et enveloppants. Tous les coussins restent fix\u00e9s \u00e0 la structure m\u00eame quand le divan est","og_url":"https:\/\/www.vitarelax.it\/fr\/prodotto\/fiore-canape-lit\/","og_site_name":"Vitarelax","article_publisher":"https:\/\/www.facebook.com\/vitarelaxsrl\/","article_modified_time":"2019-05-31T13:56:42+00:00","og_image":[{"width":1120,"height":840,"url":"https:\/\/www.vitarelax.it\/wp-content\/uploads\/2019\/05\/fiore-thumb-2019-05.jpg","type":"image\/jpeg"}],"twitter_card":"summary_large_image","schema":{"@context":"https:\/\/schema.org","@graph":[{"@type":"WebPage","@id":"https:\/\/www.vitarelax.it\/fr\/prodotto\/fiore-canape-lit\/","url":"https:\/\/www.vitarelax.it\/fr\/prodotto\/fiore-canape-lit\/","name":"Canap\u00e9s-lits &#8211; Fiore &#8211; Vitarelax","isPartOf":{"@id":"https:\/\/www.vitarelax.it\/fr\/#website"},"primaryImageOfPage":{"@id":"https:\/\/www.vitarelax.it\/fr\/prodotto\/fiore-canape-lit\/#primaryimage"},"image":{"@id":"https:\/\/www.vitarelax.it\/fr\/prodotto\/fiore-canape-lit\/#primaryimage"},"thumbnailUrl":"https:\/\/www.vitarelax.it\/wp-content\/uploads\/2019\/05\/fiore-thumb-2019-05.jpg","datePublished":"2018-01-08T16:29:31+00:00","dateModified":"2019-05-31T13:56:42+00:00","description":"Ce divan simple et carr\u00e9 pr\u00e9sente des assises et des dossiers doux et enveloppants. Tous les coussins restent fix\u00e9s \u00e0 la structure m\u00eame quand le divan est","breadcrumb":{"@id":"https:\/\/www.vitarelax.it\/fr\/prodotto\/fiore-canape-lit\/#breadcrumb"},"inLanguage":"fr-FR","potentialAction":[{"@type":"ReadAction","target":["https:\/\/www.vitarelax.it\/fr\/prodotto\/fiore-canape-lit\/"]}]},{"@type":"ImageObject","inLanguage":"fr-FR","@id":"https:\/\/www.vitarelax.it\/fr\/prodotto\/fiore-canape-lit\/#primaryimage","url":"https:\/\/www.vitarelax.it\/wp-content\/uploads\/2019\/05\/fiore-thumb-2019-05.jpg","contentUrl":"https:\/\/www.vitarelax.it\/wp-content\/uploads\/2019\/05\/fiore-thumb-2019-05.jpg","width":1120,"height":840,"caption":"Divano Letto Fiore"},{"@type":"BreadcrumbList","@id":"https:\/\/www.vitarelax.it\/fr\/prodotto\/fiore-canape-lit\/#breadcrumb","itemListElement":[{"@type":"ListItem","position":1,"name":"Home","item":"https:\/\/www.vitarelax.it\/fr\/"},{"@type":"ListItem","position":2,"name":"Divani &#038; Poltrone","item":"https:\/\/www.vitarelax.it\/it\/divani-e-poltrone\/"},{"@type":"ListItem","position":3,"name":"Fiore"}]},{"@type":"WebSite","@id":"https:\/\/www.vitarelax.it\/fr\/#website","url":"https:\/\/www.vitarelax.it\/fr\/","name":"Vitarelax","description":"Poltrone e Divani","publisher":{"@id":"https:\/\/www.vitarelax.it\/fr\/#organization"},"potentialAction":[{"@type":"SearchAction","target":{"@type":"EntryPoint","urlTemplate":"https:\/\/www.vitarelax.it\/fr\/?s={search_term_string}"},"query-input":{"@type":"PropertyValueSpecification","valueRequired":true,"valueName":"search_term_string"}}],"inLanguage":"fr-FR"},{"@type":"Organization","@id":"https:\/\/www.vitarelax.it\/fr\/#organization","name":"Vitarelax","url":"https:\/\/www.vitarelax.it\/fr\/","logo":{"@type":"ImageObject","inLanguage":"fr-FR","@id":"https:\/\/www.vitarelax.it\/fr\/#\/schema\/logo\/image\/","url":"https:\/\/www.vitarelax.it\/wp-content\/uploads\/2017\/12\/c-logoVitarelax.png","contentUrl":"https:\/\/www.vitarelax.it\/wp-content\/uploads\/2017\/12\/c-logoVitarelax.png","width":240,"height":100,"caption":"Vitarelax"},"image":{"@id":"https:\/\/www.vitarelax.it\/fr\/#\/schema\/logo\/image\/"},"sameAs":["https:\/\/www.facebook.com\/vitarelaxsrl\/"]}]}},"_links":{"self":[{"href":"https:\/\/www.vitarelax.it\/fr\/wp-json\/wp\/v2\/product\/11609","targetHints":{"allow":["GET"]}}],"collection":[{"href":"https:\/\/www.vitarelax.it\/fr\/wp-json\/wp\/v2\/product"}],"about":[{"href":"https:\/\/www.vitarelax.it\/fr\/wp-json\/wp\/v2\/types\/product"}],"wp:featuredmedia":[{"embeddable":true,"href":"https:\/\/www.vitarelax.it\/fr\/wp-json\/wp\/v2\/media\/15009"}],"wp:attachment":[{"href":"https:\/\/www.vitarelax.it\/fr\/wp-json\/wp\/v2\/media?parent=11609"}],"wp:term":[{"taxonomy":"product_brand","embeddable":true,"href":"https:\/\/www.vitarelax.it\/fr\/wp-json\/wp\/v2\/product_brand?post=11609"},{"taxonomy":"product_cat","embeddable":true,"href":"https:\/\/www.vitarelax.it\/fr\/wp-json\/wp\/v2\/product_cat?post=11609"},{"taxonomy":"product_tag","embeddable":true,"href":"https:\/\/www.vitarelax.it\/fr\/wp-json\/wp\/v2\/product_tag?post=11609"}],"curies":[{"name":"wp","href":"https:\/\/api.w.org\/{rel}","templated":true}]}}

https://www.vitarelax.it/prodotto/fiore-Canapé-lit/

<p>Ce divan simple et carré présente des assises et des dossiers doux et enveloppants.</p>
<p>Tous les coussins restent fixés à la structure même quand le divan est transformé en un lit : un autre aspect très commode!</p>

<p>Ce divan simple et carré présente des assises et des dossiers doux et enveloppants. Tous les coussins restent fixés à la structure même quand le divan est transformé en un &hellip; </p>

<!-- This site is optimized with the Yoast SEO plugin v26.2 - https://yoast.com/wordpress/plugins/seo/ -->
<title>Canapés-lits &#8211; Fiore &#8211; Vitarelax</title>
<meta name="description" content="Ce divan simple et carré présente des assises et des dossiers doux et enveloppants. Tous les coussins restent fixés à la structure même quand le divan est" />
<meta name="robots" content="index, follow, max-snippet:-1, max-image-preview:large, max-video-preview:-1" />
<link rel="canonical" href="https://www.vitarelax.it/fr/prodotto/fiore-canape-lit/" />
<meta property="og:locale" content="fr_FR" />
<meta property="og:type" content="article" />
<meta property="og:title" content="Canapés-lits &#8211; Fiore &#8211; Vitarelax" />
<meta property="og:description" content="Ce divan simple et carré présente des assises et des dossiers doux et enveloppants. Tous les coussins restent fixés à la structure même quand le divan est" />
<meta property="og:url" content="https://www.vitarelax.it/fr/prodotto/fiore-canape-lit/" />
<meta property="og:site_name" content="Vitarelax" />
<meta property="article:publisher" content="https://www.facebook.com/vitarelaxsrl/" />
<meta property="article:modified_time" content="2019-05-31T13:56:42+00:00" />
<meta property="og:image" content="https://www.vitarelax.it/wp-content/uploads/2019/05/fiore-thumb-2019-05.jpg" />
	<meta property="og:image:width" content="1120" />
	<meta property="og:image:height" content="840" />
	<meta property="og:image:type" content="image/jpeg" />
<meta name="twitter:card" content="summary_large_image" />
<script type="application/ld+json" class="yoast-schema-graph">{"@context":"https://schema.org","@graph":[{"@type":"WebPage","@id":"https://www.vitarelax.it/fr/prodotto/fiore-canape-lit/","url":"https://www.vitarelax.it/fr/prodotto/fiore-canape-lit/","name":"Canapés-lits &#8211; Fiore &#8211; Vitarelax","isPartOf":{"@id":"https://www.vitarelax.it/fr/#website"},"primaryImageOfPage":{"@id":"https://www.vitarelax.it/fr/prodotto/fiore-canape-lit/#primaryimage"},"image":{"@id":"https://www.vitarelax.it/fr/prodotto/fiore-canape-lit/#primaryimage"},"thumbnailUrl":"https://www.vitarelax.it/wp-content/uploads/2019/05/fiore-thumb-2019-05.jpg","datePublished":"2018-01-08T16:29:31+00:00","dateModified":"2019-05-31T13:56:42+00:00","description":"Ce divan simple et carré présente des assises et des dossiers doux et enveloppants. Tous les coussins restent fixés à la structure même quand le divan est","breadcrumb":{"@id":"https://www.vitarelax.it/fr/prodotto/fiore-canape-lit/#breadcrumb"},"inLanguage":"fr-FR","potentialAction":[{"@type":"ReadAction","target":["https://www.vitarelax.it/fr/prodotto/fiore-canape-lit/"]}]},{"@type":"ImageObject","inLanguage":"fr-FR","@id":"https://www.vitarelax.it/fr/prodotto/fiore-canape-lit/#primaryimage","url":"https://www.vitarelax.it/wp-content/uploads/2019/05/fiore-thumb-2019-05.jpg","contentUrl":"https://www.vitarelax.it/wp-content/uploads/2019/05/fiore-thumb-2019-05.jpg","width":1120,"height":840,"caption":"Divano Letto Fiore"},{"@type":"BreadcrumbList","@id":"https://www.vitarelax.it/fr/prodotto/fiore-canape-lit/#breadcrumb","itemListElement":[{"@type":"ListItem","position":1,"name":"Home","item":"https://www.vitarelax.it/fr/"},{"@type":"ListItem","position":2,"name":"Divani &#038; Poltrone","item":"https://www.vitarelax.it/it/divani-e-poltrone/"},{"@type":"ListItem","position":3,"name":"Fiore"}]},{"@type":"WebSite","@id":"https://www.vitarelax.it/fr/#website","url":"https://www.vitarelax.it/fr/","name":"Vitarelax","description":"Poltrone e Divani","publisher":{"@id":"https://www.vitarelax.it/fr/#organization"},"potentialAction":[{"@type":"SearchAction","target":{"@type":"EntryPoint","urlTemplate":"https://www.vitarelax.it/fr/?s={search_term_string}"},"query-input":{"@type":"PropertyValueSpecification","valueRequired":true,"valueName":"search_term_string"}}],"inLanguage":"fr-FR"},{"@type":"Organization","@id":"https://www.vitarelax.it/fr/#organization","name":"Vitarelax","url":"https://www.vitarelax.it/fr/","logo":{"@type":"ImageObject","inLanguage":"fr-FR","@id":"https://www.vitarelax.it/fr/#/schema/logo/image/","url":"https://www.vitarelax.it/wp-content/uploads/2017/12/c-logoVitarelax.png","contentUrl":"https://www.vitarelax.it/wp-content/uploads/2017/12/c-logoVitarelax.png","width":240,"height":100,"caption":"Vitarelax"},"image":{"@id":"https://www.vitarelax.it/fr/#/schema/logo/image/"},"sameAs":["https://www.facebook.com/vitarelaxsrl/"]}]}</script>
<!-- / Yoast SEO plugin. -->

Canapés-lits &#8211; Fiore &#8211; Vitarelax

Ce divan simple et carré présente des assises et des dossiers doux et enveloppants. Tous les coussins restent fixés à la structure même quand le divan est
